{"id":647789,"date":"2024-10-11T12:05:02","date_gmt":"2024-10-11T10:05:02","guid":{"rendered":"https:\/\/streetmarkets.fr\/app\/produit\/robe-dos-nu-version-3-4\/"},"modified":"2026-05-09T05:20:54","modified_gmt":"2026-05-09T03:20:54","slug":"robe-dos-nu-version-3-4","status":"publish","type":"product","link":"https:\/\/streetmarkets.fr\/app\/produit\/robe-dos-nu-version-3-4\/","title":{"rendered":"Robe Dos nu version 3 &amp; 4"},"content":{"rendered":"<p>Robe dos nu en coton imprim\u00e9<br \/>\nPetit motif imprim\u00e9 Liberty of London fleurettes sur fond orange vif (bord c\u00f4te canard)<br \/>\nOu motif mouchetis multicolore avec bord c\u00f4te vert (\u00e9galement en tissu liberty)<br \/>\nBord c\u00f4te dentelle avec du lurex (vert ou bleu)<br \/>\nDoubl\u00e9e de voile de coton. Longueur sous genoux. <\/p>\n","protected":false},"excerpt":{"rendered":"<p>Robe dos nu en coton imprim\u00e9 Petit motif imprim\u00e9 Liberty of London fleurettes sur fond orange vif (bord c\u00f4te canard) Ou motif mouchetis multicolore avec bord c\u00f4te vert (\u00e9galement en tissu liberty) Bord c\u00f4te dentelle avec du lurex (vert ou bleu) Doubl\u00e9e de voile de coton. Longueur sous genoux.<\/p>\n","protected":false},"featured_media":647790,"comment_status":"open","ping_status":"closed","template":"","meta":[],"product_brand":[1310],"product_cat":[1756,1762],"product_tag":[1813],"acf":[],"_links":{"self":[{"href":"https:\/\/streetmarkets.fr\/app\/wp-json\/wp\/v2\/product\/647789"}],"collection":[{"href":"https:\/\/streetmarkets.fr\/app\/wp-json\/wp\/v2\/product"}],"about":[{"href":"https:\/\/streetmarkets.fr\/app\/wp-json\/wp\/v2\/types\/product"}],"replies":[{"embeddable":true,"href":"https:\/\/streetmarkets.fr\/app\/wp-json\/wp\/v2\/comments?post=647789"}],"wp:featuredmedia":[{"embeddable":true,"href":"https:\/\/streetmarkets.fr\/app\/wp-json\/wp\/v2\/media\/647790"}],"wp:attachment":[{"href":"https:\/\/streetmarkets.fr\/app\/wp-json\/wp\/v2\/media?parent=647789"}],"wp:term":[{"taxonomy":"product_brand","embeddable":true,"href":"https:\/\/streetmarkets.fr\/app\/wp-json\/wp\/v2\/product_brand?post=647789"},{"taxonomy":"product_cat","embeddable":true,"href":"https:\/\/streetmarkets.fr\/app\/wp-json\/wp\/v2\/product_cat?post=647789"},{"taxonomy":"product_tag","embeddable":true,"href":"https:\/\/streetmarkets.fr\/app\/wp-json\/wp\/v2\/product_tag?post=647789"}],"curies":[{"name":"wp","href":"https:\/\/api.w.org\/{rel}","templated":true}]}}