{"id":645777,"date":"2024-10-10T13:53:51","date_gmt":"2024-10-10T11:53:51","guid":{"rendered":"https:\/\/streetmarkets.fr\/app\/produit\/cardigan-universitaire-vintage-5\/"},"modified":"2026-05-09T09:37:30","modified_gmt":"2026-05-09T07:37:30","slug":"cardigan-universitaire-vintage-5","status":"publish","type":"product","link":"https:\/\/streetmarkets.fr\/app\/produit\/cardigan-universitaire-vintage-5\/","title":{"rendered":"Cardigan Universitaire Vintage"},"content":{"rendered":"<h4 data-mce-style=\"text-align: center;\">Taille L \/ Large<\/h4>\n<h4 data-mce-fragment=\"1\" data-mce-style=\"text-align: left;\">Cardigan Universitaire de 1968&#8217;s de L&#8217;universit\u00e9 d&#8217;\u00e9tat de San Jos\u00e9.<\/h4>\n<h4>\n<a href=\"https:\/\/fr.wikipedia.org\/wiki\/Universit%C3%A9_d%27%C3%89tat_de_San_Jos%C3%A9\" title=\"Universit\u00e9 d'\u00c9tat de San Jos\u00e9, Boutique Pickers Vintage Officiel, Mode Vintage Homme, Femme et Enfant.\" target=\"_blank\" rel=\"noopener\">L&#8217;universit\u00e9 d&#8217;\u00c9tat de San Jos\u00e9<\/a>\u00a0(<em>SJSU<\/em>) est le Campus initial de L&#8217;niversit\u00e9 d&#8217;\u00e9tat de Californie. Fond\u00e9 en 1857&#8217;s.<\/h4>\n<p>\u00a0<img decoding=\"async\" alt=\"Embl\u00e8me Universit\u00e9 d'\u00c9tat de San Jos\u00e9, Boutique Pickers Vintage Officiel, Mode Vintage Homme, Femme et Enfant.\" src=\"https:\/\/cdn.shopify.com\/s\/files\/1\/0555\/2573\/6522\/files\/San-Jose-State-University-logo-Boutique-pickers-vintage-officiel_160x160.png?v=1699608585\" style=\"margin-bottom: 16px;float: none;margin-left: auto;margin-right: auto\"><\/p>\n<div style=\"text-align: center\"><\/div>\n<div style=\"text-align: center\"><em><strong><\/strong><\/em><\/div>\n<h3 style=\"text-align: left\"><em><strong><\/strong><\/em><\/h3>\n<div style=\"text-align: center\"><\/div>\n<ul><\/ul>\n<div style=\"text-align: left\" data-mce-style=\"text-align: left;\"><\/div>\n","protected":false},"excerpt":{"rendered":"<p>Taille L \/ Large Cardigan Universitaire de 1968&#8217;s de L&#8217;universit\u00e9 d&#8217;\u00e9tat de San Jos\u00e9. L&#8217;universit\u00e9 d&#8217;\u00c9tat de San Jos\u00e9\u00a0(SJSU) est le Campus initial de L&#8217;niversit\u00e9 d&#8217;\u00e9tat de Californie. Fond\u00e9 en 1857&#8217;s. \u00a0<\/p>\n","protected":false},"featured_media":645778,"comment_status":"open","ping_status":"closed","template":"","meta":[],"product_brand":[],"product_cat":[1756,1758],"product_tag":[2122],"acf":[],"_links":{"self":[{"href":"https:\/\/streetmarkets.fr\/app\/wp-json\/wp\/v2\/product\/645777"}],"collection":[{"href":"https:\/\/streetmarkets.fr\/app\/wp-json\/wp\/v2\/product"}],"about":[{"href":"https:\/\/streetmarkets.fr\/app\/wp-json\/wp\/v2\/types\/product"}],"replies":[{"embeddable":true,"href":"https:\/\/streetmarkets.fr\/app\/wp-json\/wp\/v2\/comments?post=645777"}],"wp:featuredmedia":[{"embeddable":true,"href":"https:\/\/streetmarkets.fr\/app\/wp-json\/wp\/v2\/media\/645778"}],"wp:attachment":[{"href":"https:\/\/streetmarkets.fr\/app\/wp-json\/wp\/v2\/media?parent=645777"}],"wp:term":[{"taxonomy":"product_brand","embeddable":true,"href":"https:\/\/streetmarkets.fr\/app\/wp-json\/wp\/v2\/product_brand?post=645777"},{"taxonomy":"product_cat","embeddable":true,"href":"https:\/\/streetmarkets.fr\/app\/wp-json\/wp\/v2\/product_cat?post=645777"},{"taxonomy":"product_tag","embeddable":true,"href":"https:\/\/streetmarkets.fr\/app\/wp-json\/wp\/v2\/product_tag?post=645777"}],"curies":[{"name":"wp","href":"https:\/\/api.w.org\/{rel}","templated":true}]}}