{"id":641620,"date":"2024-10-08T23:42:16","date_gmt":"2024-10-08T21:42:16","guid":{"rendered":"https:\/\/streetmarkets.fr\/app\/produit\/sneakers-givenchy\/"},"modified":"2025-06-14T03:26:32","modified_gmt":"2025-06-14T01:26:32","slug":"sneakers-givenchy","status":"publish","type":"product","link":"https:\/\/streetmarkets.fr\/app\/produit\/sneakers-givenchy\/","title":{"rendered":"Sneakers Givenchy"},"content":{"rendered":"<div dir=\"auto\" data-mce-fragment=\"1\">\n<div><strong>Sneakers Givenchy\u00a0<\/strong><\/div>\n<div>&#8211; Couleur : Noir et Camel\u00a0<\/div>\n<div>&#8211; Mati\u00e8re : Cuir et Raphia<\/div>\n<div>&#8211; \u00c9tat : Tr\u00e8s Bon \u00c9tat<\/div>\n<div>&#8211; Taille: 38\/5<\/div>\n<\/div>\n<div dir=\"auto\" data-mce-fragment=\"1\"><\/div>\n","protected":false},"excerpt":{"rendered":"<p>Sneakers Givenchy\u00a0 &#8211; Couleur : Noir et Camel\u00a0 &#8211; Mati\u00e8re : Cuir et Raphia &#8211; \u00c9tat : Tr\u00e8s Bon \u00c9tat &#8211; Taille: 38\/5<\/p>\n","protected":false},"featured_media":641621,"comment_status":"open","ping_status":"closed","template":"","meta":[],"product_brand":[],"product_cat":[1756,1763],"product_tag":[2244],"acf":[],"_links":{"self":[{"href":"https:\/\/streetmarkets.fr\/app\/wp-json\/wp\/v2\/product\/641620"}],"collection":[{"href":"https:\/\/streetmarkets.fr\/app\/wp-json\/wp\/v2\/product"}],"about":[{"href":"https:\/\/streetmarkets.fr\/app\/wp-json\/wp\/v2\/types\/product"}],"replies":[{"embeddable":true,"href":"https:\/\/streetmarkets.fr\/app\/wp-json\/wp\/v2\/comments?post=641620"}],"wp:featuredmedia":[{"embeddable":true,"href":"https:\/\/streetmarkets.fr\/app\/wp-json\/wp\/v2\/media\/641621"}],"wp:attachment":[{"href":"https:\/\/streetmarkets.fr\/app\/wp-json\/wp\/v2\/media?parent=641620"}],"wp:term":[{"taxonomy":"product_brand","embeddable":true,"href":"https:\/\/streetmarkets.fr\/app\/wp-json\/wp\/v2\/product_brand?post=641620"},{"taxonomy":"product_cat","embeddable":true,"href":"https:\/\/streetmarkets.fr\/app\/wp-json\/wp\/v2\/product_cat?post=641620"},{"taxonomy":"product_tag","embeddable":true,"href":"https:\/\/streetmarkets.fr\/app\/wp-json\/wp\/v2\/product_tag?post=641620"}],"curies":[{"name":"wp","href":"https:\/\/api.w.org\/{rel}","templated":true}]}}