{"id":4136190,"date":"2026-05-15T01:01:49","date_gmt":"2026-05-14T23:01:49","guid":{"rendered":"https:\/\/streetmarkets.fr\/app\/produit\/chemise-calice-crochet\/"},"modified":"2026-05-15T01:01:57","modified_gmt":"2026-05-14T23:01:57","slug":"chemise-calice-crochet","status":"publish","type":"product","link":"https:\/\/streetmarkets.fr\/app\/produit\/chemise-calice-crochet\/","title":{"rendered":"Chemise Calice Crochet"},"content":{"rendered":"<p>Chemise Calice Crochet : La chemise ajour\u00e9e qui rythme les looks d\u2019\u00e9t\u00e9 !\u00a0<br \/>On la porte ouverte sur un d\u00e9bardeur ou boutonn\u00e9e avec un short ou un jean. Sa coupe fluide et ses manches courtes retrouss\u00e9es donnent une allure naturelle, facile \u00e0 adopter au quotidien. Avec son effet crochet \u00e9cru et ses rayures de couleurs, elle joue entre texture et l\u00e9g\u00e8ret\u00e9.<\/p>\n<p>Ce qui nous pla\u00eet :<\/p>\n<ul data-start=\"385\" data-end=\"637\">\n<li data-section-id=\"1g6t65v\" data-start=\"385\" data-end=\"442\">Sa mati\u00e8re ajour\u00e9e fa\u00e7on crochet qui donne du relief.<\/li>\n<li data-section-id=\"z33918\" data-start=\"443\" data-end=\"523\">Ses motifs color\u00e9s bleu, jaune, rouge et noir qui animent l\u2019ensemble.<\/li>\n<li data-section-id=\"1crhw6j\" data-start=\"524\" data-end=\"577\">Sa coupe fluide et d\u00e9contract\u00e9e, facile \u00e0 porter.<\/li>\n<li data-section-id=\"141dhxt\" data-start=\"578\" data-end=\"637\">Son col classique et sa fermeture boutonn\u00e9e, intemporels.<\/li>\n<\/ul>\n<p>C\u00f4t\u00e9 mati\u00e8re \/ fabrication :<br data-start=\"671\" data-end=\"674\">75 % polyester, 25 % coton. Une mati\u00e8re textur\u00e9e, l\u00e9g\u00e8re et agr\u00e9able pour la saison estivale.<\/p>\n<p><\/p>\n","protected":false},"excerpt":{"rendered":"<p>Chemise Calice Crochet : La chemise ajour\u00e9e qui rythme les looks d\u2019\u00e9t\u00e9 !\u00a0On la porte ouverte sur un d\u00e9bardeur ou boutonn\u00e9e avec un short ou un jean. Sa coupe fluide et ses manches courtes retrouss\u00e9es donnent une allure naturelle, facile \u00e0 adopter au quotidien. Avec son effet crochet \u00e9cru et ses rayures de couleurs, elle [&hellip;]<\/p>\n","protected":false},"featured_media":4136191,"comment_status":"open","ping_status":"closed","template":"","meta":[],"product_brand":[],"product_cat":[],"product_tag":[],"acf":[],"_links":{"self":[{"href":"https:\/\/streetmarkets.fr\/app\/wp-json\/wp\/v2\/product\/4136190"}],"collection":[{"href":"https:\/\/streetmarkets.fr\/app\/wp-json\/wp\/v2\/product"}],"about":[{"href":"https:\/\/streetmarkets.fr\/app\/wp-json\/wp\/v2\/types\/product"}],"replies":[{"embeddable":true,"href":"https:\/\/streetmarkets.fr\/app\/wp-json\/wp\/v2\/comments?post=4136190"}],"wp:featuredmedia":[{"embeddable":true,"href":"https:\/\/streetmarkets.fr\/app\/wp-json\/wp\/v2\/media\/4136191"}],"wp:attachment":[{"href":"https:\/\/streetmarkets.fr\/app\/wp-json\/wp\/v2\/media?parent=4136190"}],"wp:term":[{"taxonomy":"product_brand","embeddable":true,"href":"https:\/\/streetmarkets.fr\/app\/wp-json\/wp\/v2\/product_brand?post=4136190"},{"taxonomy":"product_cat","embeddable":true,"href":"https:\/\/streetmarkets.fr\/app\/wp-json\/wp\/v2\/product_cat?post=4136190"},{"taxonomy":"product_tag","embeddable":true,"href":"https:\/\/streetmarkets.fr\/app\/wp-json\/wp\/v2\/product_tag?post=4136190"}],"curies":[{"name":"wp","href":"https:\/\/api.w.org\/{rel}","templated":true}]}}