{"id":4125749,"date":"2026-05-12T05:22:18","date_gmt":"2026-05-12T03:22:18","guid":{"rendered":"https:\/\/streetmarkets.fr\/app\/produit\/coussin-marcel-vert\/"},"modified":"2026-05-16T05:21:45","modified_gmt":"2026-05-16T03:21:45","slug":"coussin-marcel-vert","status":"publish","type":"product","link":"https:\/\/streetmarkets.fr\/app\/produit\/coussin-marcel-vert\/","title":{"rendered":"Coussin Marcel Vert"},"content":{"rendered":"<p>Coussin en en coton imprim\u00e9 wax.<br \/>\nConfort ferme : le coussin est bien tonique et ne s&#8217;affaisse pas.<br \/>\nD\u00e9houssable (zip \u00e0 l&#8217;arri\u00e8re)<br \/>\nIl mesure 45cm x 45cm et 55cm x 55cm avec les fronces.<br \/>\nVendu avec une coussin de garnissage.<br \/>\nLe tout est lavable.<\/p>\n<p>45\u20ac<\/p>\n","protected":false},"excerpt":{"rendered":"<p>Coussin en en coton imprim\u00e9 wax. Confort ferme : le coussin est bien tonique et ne s&#8217;affaisse pas. D\u00e9houssable (zip \u00e0 l&#8217;arri\u00e8re) Il mesure 45cm x 45cm et 55cm x 55cm avec les fronces. Vendu avec une coussin de garnissage. Le tout est lavable. 45\u20ac<\/p>\n","protected":false},"featured_media":4125750,"comment_status":"open","ping_status":"closed","template":"","meta":[],"product_brand":[1310],"product_cat":[],"product_tag":[],"acf":[],"_links":{"self":[{"href":"https:\/\/streetmarkets.fr\/app\/wp-json\/wp\/v2\/product\/4125749"}],"collection":[{"href":"https:\/\/streetmarkets.fr\/app\/wp-json\/wp\/v2\/product"}],"about":[{"href":"https:\/\/streetmarkets.fr\/app\/wp-json\/wp\/v2\/types\/product"}],"replies":[{"embeddable":true,"href":"https:\/\/streetmarkets.fr\/app\/wp-json\/wp\/v2\/comments?post=4125749"}],"wp:featuredmedia":[{"embeddable":true,"href":"https:\/\/streetmarkets.fr\/app\/wp-json\/wp\/v2\/media\/4125750"}],"wp:attachment":[{"href":"https:\/\/streetmarkets.fr\/app\/wp-json\/wp\/v2\/media?parent=4125749"}],"wp:term":[{"taxonomy":"product_brand","embeddable":true,"href":"https:\/\/streetmarkets.fr\/app\/wp-json\/wp\/v2\/product_brand?post=4125749"},{"taxonomy":"product_cat","embeddable":true,"href":"https:\/\/streetmarkets.fr\/app\/wp-json\/wp\/v2\/product_cat?post=4125749"},{"taxonomy":"product_tag","embeddable":true,"href":"https:\/\/streetmarkets.fr\/app\/wp-json\/wp\/v2\/product_tag?post=4125749"}],"curies":[{"name":"wp","href":"https:\/\/api.w.org\/{rel}","templated":true}]}}