{"id":4125705,"date":"2026-05-12T05:22:16","date_gmt":"2026-05-12T03:22:16","guid":{"rendered":"https:\/\/streetmarkets.fr\/app\/produit\/blouson-cadillac\/"},"modified":"2026-05-13T05:21:42","modified_gmt":"2026-05-13T03:21:42","slug":"blouson-cadillac","status":"publish","type":"product","link":"https:\/\/streetmarkets.fr\/app\/produit\/blouson-cadillac\/","title":{"rendered":"Blouson Cadillac"},"content":{"rendered":"<p>Blouson en laine.<br \/>\nD\u00e9tails, passepoil, zip, bord-c\u00f4te \u00e9cru.<br \/>\nDoublure panth\u00e8re.<\/p>\n<p>Prix: 295\u20ac -20%= 236\u20ac<\/p>\n","protected":false},"excerpt":{"rendered":"<p>Blouson en laine. D\u00e9tails, passepoil, zip, bord-c\u00f4te \u00e9cru. Doublure panth\u00e8re. Prix: 295\u20ac -20%= 236\u20ac<\/p>\n","protected":false},"featured_media":4125706,"comment_status":"open","ping_status":"closed","template":"","meta":[],"product_brand":[1310],"product_cat":[],"product_tag":[],"acf":[],"_links":{"self":[{"href":"https:\/\/streetmarkets.fr\/app\/wp-json\/wp\/v2\/product\/4125705"}],"collection":[{"href":"https:\/\/streetmarkets.fr\/app\/wp-json\/wp\/v2\/product"}],"about":[{"href":"https:\/\/streetmarkets.fr\/app\/wp-json\/wp\/v2\/types\/product"}],"replies":[{"embeddable":true,"href":"https:\/\/streetmarkets.fr\/app\/wp-json\/wp\/v2\/comments?post=4125705"}],"wp:featuredmedia":[{"embeddable":true,"href":"https:\/\/streetmarkets.fr\/app\/wp-json\/wp\/v2\/media\/4125706"}],"wp:attachment":[{"href":"https:\/\/streetmarkets.fr\/app\/wp-json\/wp\/v2\/media?parent=4125705"}],"wp:term":[{"taxonomy":"product_brand","embeddable":true,"href":"https:\/\/streetmarkets.fr\/app\/wp-json\/wp\/v2\/product_brand?post=4125705"},{"taxonomy":"product_cat","embeddable":true,"href":"https:\/\/streetmarkets.fr\/app\/wp-json\/wp\/v2\/product_cat?post=4125705"},{"taxonomy":"product_tag","embeddable":true,"href":"https:\/\/streetmarkets.fr\/app\/wp-json\/wp\/v2\/product_tag?post=4125705"}],"curies":[{"name":"wp","href":"https:\/\/api.w.org\/{rel}","templated":true}]}}