{"id":4125229,"date":"2026-05-12T05:21:26","date_gmt":"2026-05-12T03:21:26","guid":{"rendered":"https:\/\/streetmarkets.fr\/app\/produit\/robe-bastille-multico\/"},"modified":"2026-05-17T05:21:24","modified_gmt":"2026-05-17T03:21:24","slug":"robe-bastille-multico","status":"publish","type":"product","link":"https:\/\/streetmarkets.fr\/app\/produit\/robe-bastille-multico\/","title":{"rendered":"Robe Bastille multico"},"content":{"rendered":"<p>Robe en double gaze de coton imprim\u00e9e.<br \/>\nFinitions en tulle au manche et d\u00e9tails.<br \/>\nElastique \u00e0 la taille.<br \/>\nJupe doubl\u00e9e de voile de coton.<\/p>\n<p>Prix: 229\u20ac SOLDES -30%  114,50\u20ac<br \/>\n(Vendue sans la ceinture)<\/p>\n","protected":false},"excerpt":{"rendered":"<p>Robe en double gaze de coton imprim\u00e9e. Finitions en tulle au manche et d\u00e9tails. Elastique \u00e0 la taille. Jupe doubl\u00e9e de voile de coton. Prix: 229\u20ac SOLDES -30% 114,50\u20ac (Vendue sans la ceinture)<\/p>\n","protected":false},"featured_media":4125230,"comment_status":"open","ping_status":"closed","template":"","meta":[],"product_brand":[1310],"product_cat":[],"product_tag":[],"acf":[],"_links":{"self":[{"href":"https:\/\/streetmarkets.fr\/app\/wp-json\/wp\/v2\/product\/4125229"}],"collection":[{"href":"https:\/\/streetmarkets.fr\/app\/wp-json\/wp\/v2\/product"}],"about":[{"href":"https:\/\/streetmarkets.fr\/app\/wp-json\/wp\/v2\/types\/product"}],"replies":[{"embeddable":true,"href":"https:\/\/streetmarkets.fr\/app\/wp-json\/wp\/v2\/comments?post=4125229"}],"wp:featuredmedia":[{"embeddable":true,"href":"https:\/\/streetmarkets.fr\/app\/wp-json\/wp\/v2\/media\/4125230"}],"wp:attachment":[{"href":"https:\/\/streetmarkets.fr\/app\/wp-json\/wp\/v2\/media?parent=4125229"}],"wp:term":[{"taxonomy":"product_brand","embeddable":true,"href":"https:\/\/streetmarkets.fr\/app\/wp-json\/wp\/v2\/product_brand?post=4125229"},{"taxonomy":"product_cat","embeddable":true,"href":"https:\/\/streetmarkets.fr\/app\/wp-json\/wp\/v2\/product_cat?post=4125229"},{"taxonomy":"product_tag","embeddable":true,"href":"https:\/\/streetmarkets.fr\/app\/wp-json\/wp\/v2\/product_tag?post=4125229"}],"curies":[{"name":"wp","href":"https:\/\/api.w.org\/{rel}","templated":true}]}}