{"id":4113787,"date":"2026-05-10T08:40:26","date_gmt":"2026-05-10T06:40:26","guid":{"rendered":"https:\/\/streetmarkets.fr\/app\/produit\/collier-janis-plaque-argent-hanka-in\/"},"modified":"2026-05-10T08:40:29","modified_gmt":"2026-05-10T06:40:29","slug":"collier-janis-plaque-argent-hanka-in","status":"publish","type":"product","link":"https:\/\/streetmarkets.fr\/app\/produit\/collier-janis-plaque-argent-hanka-in\/","title":{"rendered":"Collier Janis plaqu\u00e9 argent &#8211; Hanka In"},"content":{"rendered":"<p>Collier en mailles ovales plaqu\u00e9 argent avec finition dor\u00e9e au\u00a0niveau du fermoir.<\/p>\n<p>Tr\u00e8s l\u00e9ger \u00e0 porter<\/p>\n<p><strong>Cr\u00e9atrice fran\u00e7aise Hanka In<\/strong>, les mod\u00e8les sont dessin\u00e9s et fabriqu\u00e9s en France.<\/p>\n","protected":false},"excerpt":{"rendered":"<p>Collier en mailles ovales plaqu\u00e9 argent avec finition dor\u00e9e au\u00a0niveau du fermoir. Tr\u00e8s l\u00e9ger \u00e0 porter Cr\u00e9atrice fran\u00e7aise Hanka In, les mod\u00e8les sont dessin\u00e9s et fabriqu\u00e9s en France.<\/p>\n","protected":false},"featured_media":4113788,"comment_status":"open","ping_status":"closed","template":"","meta":[],"product_brand":[],"product_cat":[],"product_tag":[],"acf":[],"_links":{"self":[{"href":"https:\/\/streetmarkets.fr\/app\/wp-json\/wp\/v2\/product\/4113787"}],"collection":[{"href":"https:\/\/streetmarkets.fr\/app\/wp-json\/wp\/v2\/product"}],"about":[{"href":"https:\/\/streetmarkets.fr\/app\/wp-json\/wp\/v2\/types\/product"}],"replies":[{"embeddable":true,"href":"https:\/\/streetmarkets.fr\/app\/wp-json\/wp\/v2\/comments?post=4113787"}],"wp:featuredmedia":[{"embeddable":true,"href":"https:\/\/streetmarkets.fr\/app\/wp-json\/wp\/v2\/media\/4113788"}],"wp:attachment":[{"href":"https:\/\/streetmarkets.fr\/app\/wp-json\/wp\/v2\/media?parent=4113787"}],"wp:term":[{"taxonomy":"product_brand","embeddable":true,"href":"https:\/\/streetmarkets.fr\/app\/wp-json\/wp\/v2\/product_brand?post=4113787"},{"taxonomy":"product_cat","embeddable":true,"href":"https:\/\/streetmarkets.fr\/app\/wp-json\/wp\/v2\/product_cat?post=4113787"},{"taxonomy":"product_tag","embeddable":true,"href":"https:\/\/streetmarkets.fr\/app\/wp-json\/wp\/v2\/product_tag?post=4113787"}],"curies":[{"name":"wp","href":"https:\/\/api.w.org\/{rel}","templated":true}]}}