{"id":4103448,"date":"2026-05-09T00:56:59","date_gmt":"2026-05-08T22:56:59","guid":{"rendered":"https:\/\/streetmarkets.fr\/app\/produit\/small-foulard-mamavida-mom-sierra\/"},"modified":"2026-05-09T00:57:03","modified_gmt":"2026-05-08T22:57:03","slug":"small-foulard-mamavida-mom-sierra","status":"publish","type":"product","link":"https:\/\/streetmarkets.fr\/app\/produit\/small-foulard-mamavida-mom-sierra\/","title":{"rendered":"Small Foulard Mamavida MOM SIERRA"},"content":{"rendered":"<p>Optez pour ce foulard de la collection f\u00eate des m\u00e8res en voile de coton l\u00e9ger et tout doux. Il fera \u00e0 coup s\u00fbr une heureuse.\u00a0<\/p>\n<p>Dimensions : 65cm x 65cm<\/p>\n","protected":false},"excerpt":{"rendered":"<p>Optez pour ce foulard de la collection f\u00eate des m\u00e8res en voile de coton l\u00e9ger et tout doux. Il fera \u00e0 coup s\u00fbr une heureuse.\u00a0 Dimensions : 65cm x 65cm<\/p>\n","protected":false},"featured_media":4103449,"comment_status":"open","ping_status":"closed","template":"","meta":[],"product_brand":[],"product_cat":[],"product_tag":[],"acf":[],"_links":{"self":[{"href":"https:\/\/streetmarkets.fr\/app\/wp-json\/wp\/v2\/product\/4103448"}],"collection":[{"href":"https:\/\/streetmarkets.fr\/app\/wp-json\/wp\/v2\/product"}],"about":[{"href":"https:\/\/streetmarkets.fr\/app\/wp-json\/wp\/v2\/types\/product"}],"replies":[{"embeddable":true,"href":"https:\/\/streetmarkets.fr\/app\/wp-json\/wp\/v2\/comments?post=4103448"}],"wp:featuredmedia":[{"embeddable":true,"href":"https:\/\/streetmarkets.fr\/app\/wp-json\/wp\/v2\/media\/4103449"}],"wp:attachment":[{"href":"https:\/\/streetmarkets.fr\/app\/wp-json\/wp\/v2\/media?parent=4103448"}],"wp:term":[{"taxonomy":"product_brand","embeddable":true,"href":"https:\/\/streetmarkets.fr\/app\/wp-json\/wp\/v2\/product_brand?post=4103448"},{"taxonomy":"product_cat","embeddable":true,"href":"https:\/\/streetmarkets.fr\/app\/wp-json\/wp\/v2\/product_cat?post=4103448"},{"taxonomy":"product_tag","embeddable":true,"href":"https:\/\/streetmarkets.fr\/app\/wp-json\/wp\/v2\/product_tag?post=4103448"}],"curies":[{"name":"wp","href":"https:\/\/api.w.org\/{rel}","templated":true}]}}