{"id":4103384,"date":"2026-05-09T00:56:22","date_gmt":"2026-05-08T22:56:22","guid":{"rendered":"https:\/\/streetmarkets.fr\/app\/produit\/bougie-adopo-sun-fleur-doranger\/"},"modified":"2026-05-11T00:56:09","modified_gmt":"2026-05-10T22:56:09","slug":"bougie-adopo-sun-fleur-doranger","status":"publish","type":"product","link":"https:\/\/streetmarkets.fr\/app\/produit\/bougie-adopo-sun-fleur-doranger\/","title":{"rendered":"Bougie Adopo &#8220;Sun&#8221; &#8211; Fleur d&#8217;oranger"},"content":{"rendered":"<p>Cette collection de bougies &#8220;A dopo&#8221; parfum\u00e9es et fantaisistes, fait allusion \u00e0 des voyages estivaux et nous laisse transporter vers des atmosph\u00e8res apaisantes . Ces bougies sont en c\u00e9ramique et peintes \u00e0 la main de mani\u00e8re raffin\u00e9e. Des designs \u00e9l\u00e9gants et imaginatifs, chaque bougie invite \u00e0 un moment de d\u00e9tente gr\u00e2ce \u00e0 des senteurs in\u00e9gal\u00e9es. La bougie &#8220;Sun&#8221; est sublimement coul\u00e9e dans un pot au parfum de la fleur d&#8217;oranger.<\/p>\n<p>D\u00c9TAILS<\/p>\n<ul>\n<li>Poids: 226g<\/li>\n<li>vegan<\/li>\n<li>cire de soja<\/li>\n<li>sans phtalates ni formal\u00e9hydes<\/li>\n<li>m\u00e8che en coton\u00a0<\/li>\n<li>livr\u00e9e dans une bo\u00eete \u00e9l\u00e9gante\u00a0<\/li>\n<\/ul>\n<p>LE CONSEIL D&#8217;ASTRID<\/p>\n<p>Une fois consum\u00e9e et nettoy\u00e9e, appr\u00e9ciez le joli pot de ces bougies en le r\u00e9utilisant comme tass\u00e9 \u00e0 th\u00e9, un pot pour vos plantes ou pour y d\u00e9poser vos cotons.\u00a0<\/p>\n<p>LA MARQUE\u00a0<\/p>\n<p>&#8211; Les bougies cr\u00e9atives et r\u00e9utilisables &#8211;\u00a0<\/p>\n<p>Paddywax Candle, sp\u00e9cialiste des fragrances pour la maison, allie design cr\u00e9atif et senteurs uniques. Fabriqu\u00e9es aux USA, ses collections offrent une exp\u00e9rience sensorielle sophistiqu\u00e9e. Leurs bougies invitent au voyage sensoriel sans quitter la maison. Allumez, respirez, \u00e9vadez-vous !<\/p>\n","protected":false},"excerpt":{"rendered":"<p>Cette collection de bougies &#8220;A dopo&#8221; parfum\u00e9es et fantaisistes, fait allusion \u00e0 des voyages estivaux et nous laisse transporter vers des atmosph\u00e8res apaisantes . Ces bougies sont en c\u00e9ramique et peintes \u00e0 la main de mani\u00e8re raffin\u00e9e. Des designs \u00e9l\u00e9gants et imaginatifs, chaque bougie invite \u00e0 un moment de d\u00e9tente gr\u00e2ce \u00e0 des senteurs in\u00e9gal\u00e9es. [&hellip;]<\/p>\n","protected":false},"featured_media":4103385,"comment_status":"open","ping_status":"closed","template":"","meta":[],"product_brand":[],"product_cat":[],"product_tag":[],"acf":[],"_links":{"self":[{"href":"https:\/\/streetmarkets.fr\/app\/wp-json\/wp\/v2\/product\/4103384"}],"collection":[{"href":"https:\/\/streetmarkets.fr\/app\/wp-json\/wp\/v2\/product"}],"about":[{"href":"https:\/\/streetmarkets.fr\/app\/wp-json\/wp\/v2\/types\/product"}],"replies":[{"embeddable":true,"href":"https:\/\/streetmarkets.fr\/app\/wp-json\/wp\/v2\/comments?post=4103384"}],"wp:featuredmedia":[{"embeddable":true,"href":"https:\/\/streetmarkets.fr\/app\/wp-json\/wp\/v2\/media\/4103385"}],"wp:attachment":[{"href":"https:\/\/streetmarkets.fr\/app\/wp-json\/wp\/v2\/media?parent=4103384"}],"wp:term":[{"taxonomy":"product_brand","embeddable":true,"href":"https:\/\/streetmarkets.fr\/app\/wp-json\/wp\/v2\/product_brand?post=4103384"},{"taxonomy":"product_cat","embeddable":true,"href":"https:\/\/streetmarkets.fr\/app\/wp-json\/wp\/v2\/product_cat?post=4103384"},{"taxonomy":"product_tag","embeddable":true,"href":"https:\/\/streetmarkets.fr\/app\/wp-json\/wp\/v2\/product_tag?post=4103384"}],"curies":[{"name":"wp","href":"https:\/\/api.w.org\/{rel}","templated":true}]}}