{"id":4097433,"date":"2026-05-08T00:59:30","date_gmt":"2026-05-07T22:59:30","guid":{"rendered":"https:\/\/streetmarkets.fr\/app\/produit\/boucles-sacha-trefle-strass\/"},"modified":"2026-05-08T00:59:36","modified_gmt":"2026-05-07T22:59:36","slug":"boucles-sacha-trefle-strass","status":"publish","type":"product","link":"https:\/\/streetmarkets.fr\/app\/produit\/boucles-sacha-trefle-strass\/","title":{"rendered":"Boucles Sacha Tr\u00e8fle Strass"},"content":{"rendered":"<p>Boucles Sacha Tr\u00e8fle Strass en laiton plaqu\u00e9 or : Les boucles qui jouent la carte du contraste !\u00a0<br \/>On les porte en duo d\u00e9cal\u00e9 pour un effet moderne et symbolique. D\u2019un c\u00f4t\u00e9 un tr\u00e8fle \u00e9maill\u00e9 vert transparent, de l\u2019autre un \u00e9clat de cristaux Swarovski. Une paire asym\u00e9trique qui m\u00eale chance, lumi\u00e8re et caract\u00e8re.<\/p>\n<p>Ce qui nous pla\u00eet :<\/p>\n<ul data-start=\"342\" data-end=\"558\">\n<li data-section-id=\"797iad\" data-start=\"342\" data-end=\"396\">Leur design asym\u00e9trique, \u00e0 la fois fun et baroque.<\/li>\n<li data-section-id=\"oi7v04\" data-start=\"397\" data-end=\"455\">Le tr\u00e8fle \u00e9maill\u00e9 vert transparent, symbole de chance.<\/li>\n<li data-section-id=\"1649s8f\" data-start=\"456\" data-end=\"506\">Le c\u00f4t\u00e9 strass Swarovski qui fait briller.<\/li>\n<li data-section-id=\"14sl0or\" data-start=\"507\" data-end=\"558\">Leur format d\u00e9licat facile \u00e0 porter au quotidien.<\/li>\n<\/ul>\n<p>C\u00f4t\u00e9 mati\u00e8re \/ fabrication :<br data-start=\"592\" data-end=\"595\">Laiton plaqu\u00e9 or 1 micron, \u00e9mail et cristaux Swarovski. Boucles fabriqu\u00e9es \u00e0 la main \u00e0 Paris. Dimensions : 2,5 x 1,5 cm.<\/p>\n<p>Le d\u00e9tail qui attire le regard :\u00a0Ce duo inattendu entre tr\u00e8fle et strass qui donne aux boucles un \u00e9quilibre entre douceur symbolique et \u00e9clat moderne.<\/p>\n","protected":false},"excerpt":{"rendered":"<p>Boucles Sacha Tr\u00e8fle Strass en laiton plaqu\u00e9 or : Les boucles qui jouent la carte du contraste !\u00a0On les porte en duo d\u00e9cal\u00e9 pour un effet moderne et symbolique. D\u2019un c\u00f4t\u00e9 un tr\u00e8fle \u00e9maill\u00e9 vert transparent, de l\u2019autre un \u00e9clat de cristaux Swarovski. Une paire asym\u00e9trique qui m\u00eale chance, lumi\u00e8re et caract\u00e8re. Ce qui nous [&hellip;]<\/p>\n","protected":false},"featured_media":4097434,"comment_status":"open","ping_status":"closed","template":"","meta":[],"product_brand":[],"product_cat":[],"product_tag":[],"acf":[],"_links":{"self":[{"href":"https:\/\/streetmarkets.fr\/app\/wp-json\/wp\/v2\/product\/4097433"}],"collection":[{"href":"https:\/\/streetmarkets.fr\/app\/wp-json\/wp\/v2\/product"}],"about":[{"href":"https:\/\/streetmarkets.fr\/app\/wp-json\/wp\/v2\/types\/product"}],"replies":[{"embeddable":true,"href":"https:\/\/streetmarkets.fr\/app\/wp-json\/wp\/v2\/comments?post=4097433"}],"wp:featuredmedia":[{"embeddable":true,"href":"https:\/\/streetmarkets.fr\/app\/wp-json\/wp\/v2\/media\/4097434"}],"wp:attachment":[{"href":"https:\/\/streetmarkets.fr\/app\/wp-json\/wp\/v2\/media?parent=4097433"}],"wp:term":[{"taxonomy":"product_brand","embeddable":true,"href":"https:\/\/streetmarkets.fr\/app\/wp-json\/wp\/v2\/product_brand?post=4097433"},{"taxonomy":"product_cat","embeddable":true,"href":"https:\/\/streetmarkets.fr\/app\/wp-json\/wp\/v2\/product_cat?post=4097433"},{"taxonomy":"product_tag","embeddable":true,"href":"https:\/\/streetmarkets.fr\/app\/wp-json\/wp\/v2\/product_tag?post=4097433"}],"curies":[{"name":"wp","href":"https:\/\/api.w.org\/{rel}","templated":true}]}}