{"id":4086645,"date":"2026-05-05T07:33:26","date_gmt":"2026-05-05T05:33:26","guid":{"rendered":"https:\/\/streetmarkets.fr\/app\/produit\/chemise-loro-piana-coton-raye-vert-deau\/"},"modified":"2026-05-05T07:33:36","modified_gmt":"2026-05-05T05:33:36","slug":"chemise-loro-piana-coton-raye-vert-deau","status":"publish","type":"product","link":"https:\/\/streetmarkets.fr\/app\/produit\/chemise-loro-piana-coton-raye-vert-deau\/","title":{"rendered":"Chemise Loro Piana coton ray\u00e9 vert d&#8217;eau"},"content":{"rendered":"<p>Cette chemise Loro Piana en coton ray\u00e9 incarne la discr\u00e9tion et la qualit\u00e9 propres \u00e0 la maison italienne. Confectionn\u00e9e dans un coton l\u00e9ger et respirant, elle pr\u00e9sente un motif de fines rayures verticales vert olive, gris perle et blanc, parfaitement \u00e9quilibr\u00e9 pour un rendu sobre et raffin\u00e9. Elle se distingue par une coupe classique \u00e0 manches longues avec poignets boutonn\u00e9s et col italien l\u00e9g\u00e8rement rigide. Elle est dot\u00e9e d\u2019une patte de boutonnage centrale et d\u2019une base l\u00e9g\u00e8rement arrondie. La pi\u00e8ce affiche un style intemporel et \u00e9l\u00e9gant, convenant aussi bien \u00e0 un usage formel que d\u00e9contract\u00e9. En tr\u00e8s bon \u00e9tat.<\/p>\n<div class=\"flex basis-auto flex-col -mb-(--composer-overlap-px) [--composer-overlap-px:24px] grow overflow-hidden\">\n<div class=\"relative h-full\">\n<div class=\"flex h-full flex-col overflow-y-auto [scrollbar-gutter:stable_both-edges] @[84rem]\/thread:pt-(--header-height)\">\n<div class=\"@thread-xl\/thread:pt-header-height mt-1.5 flex flex-col text-sm pb-25\">\n<article class=\"text-token-text-primary w-full\" dir=\"auto\" data-testid=\"conversation-turn-94\" data-scroll-anchor=\"true\">\n<div class=\"text-base my-auto mx-auto py-5 [--thread-content-margin:--spacing(4)] @[37rem]:[--thread-content-margin:--spacing(6)] @[72rem]:[--thread-content-margin:--spacing(16)] px-(--thread-content-margin)\">\n<div class=\"[--thread-content-max-width:32rem] @[34rem]:[--thread-content-max-width:40rem] @[64rem]:[--thread-content-max-width:48rem] mx-auto flex max-w-(--thread-content-max-width) flex-1 text-base gap-4 md:gap-5 lg:gap-6 group\/turn-messages focus-visible:outline-hidden\">\n<div class=\"group\/conversation-turn relative flex w-full min-w-0 flex-col agent-turn\">\n<div class=\"relative flex-col gap-1 md:gap-3\">\n<div class=\"flex max-w-full flex-col grow\">\n<div class=\"min-h-8 text-message relative flex w-full flex-col items-end gap-2 text-start break-words whitespace-normal [.text-message+&amp;]:mt-5\" dir=\"auto\" data-message-author-role=\"assistant\" data-message-id=\"1fa88fd4-4411-4d3a-9ce3-3b4841b2e23a\" data-message-model-slug=\"gpt-4o\">\n<div class=\"flex w-full flex-col gap-1 empty:hidden first:pt-[3px]\">\n<div class=\"markdown prose dark:prose-invert w-full break-words light\">\n<p data-start=\"622\" data-end=\"1139\"><strong data-start=\"622\" data-end=\"648\">Historique du Mod\u00e8le :<\/strong><br data-start=\"648\" data-end=\"651\" \/>Loro Piana, maison fond\u00e9e en Italie en 1924, est reconnue pour son excellence textile, notamment dans la s\u00e9lection de mati\u00e8res premi\u00e8res nobles telles que le cachemire, la laine vierge et le coton \u00e9gyptien. Cette chemise s\u2019inscrit dans la tradition de la marque de proposer des essentiels du vestiaire masculin au luxe discret, privil\u00e9giant la qualit\u00e9 des fibres et une confection irr\u00e9prochable. Elle refl\u00e8te l\u2019esprit de la maison, centr\u00e9 sur la durabilit\u00e9 et l\u2019\u00e9l\u00e9gance sans ostentation.<\/p>\n<p data-start=\"1141\" data-end=\"1677\"><strong data-start=\"1141\" data-end=\"1165\">D\u00e9tails Ext\u00e9rieurs :<\/strong><br data-start=\"1165\" data-end=\"1168\" \/>La chemise est confectionn\u00e9e dans un coton italien haut de gamme, doux au toucher et fluide. Le motif ray\u00e9 est finement tiss\u00e9, avec un jeu de lignes vert olive, grises et blanches qui apportent du relief sans surcharge visuelle. Le col italien \u00e0 pointes moyennes apporte structure et maintien, tandis que les poignets boutonn\u00e9s offrent une finition nette. Les boutons sont en nacre v\u00e9ritable, cousus avec pr\u00e9cision, et les coutures sont fines et r\u00e9guli\u00e8res, t\u00e9moignant d\u2019une fabrication artisanale rigoureuse.<\/p>\n<p data-start=\"1679\" data-end=\"2028\"><strong data-start=\"1679\" data-end=\"1703\">D\u00e9tails Int\u00e9rieurs :<\/strong><br data-start=\"1703\" data-end=\"1706\" \/>L\u2019\u00e9tiquette int\u00e9rieure \u00ab Loro Piana \u2013 Made in Italy \u00bb confirme l\u2019authenticit\u00e9 de la pi\u00e8ce, accompagn\u00e9e de la mention \u00ab 100 % coton \u00bb. Les finitions internes sont nettes, avec des coutures anglaises pour une r\u00e9sistance renforc\u00e9e. Le tissu est non doubl\u00e9, ce qui permet de conserver la l\u00e9g\u00e8ret\u00e9 et la respirabilit\u00e9 du coton.<\/p>\n<p data-start=\"2030\" data-end=\"2328\"><strong data-start=\"2030\" data-end=\"2051\">\u00c9tat du Produit :<\/strong><br data-start=\"2051\" data-end=\"2054\" \/>La chemise est en bon \u00e9tat g\u00e9n\u00e9ral, avec une structure intacte et des coutures solides. Les poignets et le col ne pr\u00e9sentent ni usure prononc\u00e9e ni d\u00e9coloration.<\/p>\n<p data-start=\"2330\" data-end=\"2639\"><strong data-start=\"2330\" data-end=\"2356\">Conseils d\u2019Entretien :<\/strong><br data-start=\"2356\" data-end=\"2359\" \/>Il est recommand\u00e9 de laver cette chemise \u00e0 30\u00b0C en cycle d\u00e9licat ou de privil\u00e9gier un nettoyage \u00e0 sec pour pr\u00e9server la nettet\u00e9 des rayures et la texture du coton. Le repassage \u00e0 temp\u00e9rature moyenne est conseill\u00e9, en insistant sur le col et les poignets pour maintenir leur forme.<\/p>\n<p data-start=\"2641\" data-end=\"3093\" data-is-last-node=\"\" data-is-only-node=\"\"><strong data-start=\"2641\" data-end=\"2674\">Pourquoi Choisir ce Produit :<\/strong><br data-start=\"2674\" data-end=\"2677\" \/>Cette chemise Loro Piana ray\u00e9e repr\u00e9sente un investissement dans un vestiaire de qualit\u00e9, \u00e0 la fois intemporel et polyvalent. Son design classique, associ\u00e9 \u00e0 un coton d\u2019exception, en fait une pi\u00e8ce id\u00e9ale pour ceux qui appr\u00e9cient le savoir-faire italien et la sobri\u00e9t\u00e9 \u00e9l\u00e9gante. Parfaite sous un blazer ou port\u00e9e seule, elle illustre la philosophie de la maison : luxe discret, confort optimal et durabilit\u00e9 textile.<\/p>\n<p data-start=\"2641\" data-end=\"3093\" data-is-last-node=\"\" data-is-only-node=\"\">\n<\/div>\n<\/div>\n<\/div>\n<\/div>\n<div class=\"flex min-h-[46px] justify-start\">\n<div class=\"touch:-me-2 touch:-ms-3.5 -ms-2.5 -me-1 flex flex-wrap items-center gap-y-4 p-1 select-none touch:w-[calc(100%+--spacing(3.5))] -mt-1 w-[calc(100%+--spacing(2.5))] duration-[1.5s] focus-within:transition-none hover:transition-none pointer-events-none [mask-image:linear-gradient(to_right,black_33%,transparent_66%)] [mask-size:300%_100%] [mask-position:100%_0%] motion-safe:transition-[mask-position] group-hover\/turn-messages:pointer-events-auto group-hover\/turn-messages:[mask-position:0_0] group-focus-within\/turn-messages:pointer-events-auto group-focus-within\/turn-messages:[mask-position:0_0] has-data-[state=open]:pointer-events-auto has-data-[state=open]:[mask-position:0_0]\"><\/div>\n<\/div>\n<div class=\"mt-3 w-full empty:hidden\">\n<div class=\"text-center\"><\/div>\n<\/div>\n<\/div>\n<div class=\"absolute\">\n<div class=\"flex items-center justify-center\"><\/div>\n<\/div>\n<\/div>\n<\/div>\n<\/div>\n<\/article>\n<div class=\"pointer-events-none h-px w-px\" aria-hidden=\"true\" data-edge=\"true\"><\/div>\n<div><\/div>\n<\/div>\n<\/div>\n<\/div>\n<\/div>\n<div id=\"thread-bottom-container\" class=\"isolate z-3 w-full basis-auto has-data-has-thread-error:pt-2 has-data-has-thread-error:[box-shadow:var(--sharp-edge-bottom-shadow)] md:border-transparent md:pt-0 dark:border-white\/20 md:dark:border-transparent flex flex-col\">\n<div id=\"thread-bottom\">\n<div class=\"text-base mx-auto [--thread-content-margin:--spacing(4)] @[37rem]:[--thread-content-margin:--spacing(6)] @[72rem]:[--thread-content-margin:--spacing(16)] px-(--thread-content-margin)\">\n<div class=\"[--thread-content-max-width:32rem] @[34rem]:[--thread-content-max-width:40rem] @[64rem]:[--thread-content-max-width:48rem] mx-auto flex max-w-(--thread-content-max-width) flex-1 text-base gap-4 md:gap-5 lg:gap-6\">\n<div class=\"flex justify-center empty:hidden\"><\/div>\n<div class=\"max-xs:[--force-hide-label:none] relative z-1 flex h-full max-w-full flex-1 flex-col\" aria-expanded=\"false\" aria-controls=\"radix-\u00abR695ij59jm595j5\u00bb\" data-state=\"closed\">\n<div class=\"absolute start-0 end-0 bottom-full z-20\"><\/div>\n<div class=\"bg-token-bg-primary flex w-full cursor-text flex-col items-center justify-center overflow-clip bg-clip-padding contain-inline-size dark:bg-[#303030] shadow-short rounded-[28px]\">\n<div class=\"relative flex w-full items-end px-2.5 py-2.5\">\n<div class=\"relative flex w-full flex-auto flex-col\">\n<div class=\"relative mx-2.5 grid grid-cols-[auto_minmax(0,1fr)]\">\n<div class=\"items-top flex justify-center\">\n<div><\/div>\n<\/div>\n<div class=\"relative flex-auto bg-transparent pt-1.5\">\n<div class=\"flex flex-col justify-start\">\n<div class=\"flex min-h-12 items-start\">\n<div class=\"max-w-full min-w-0 flex-1\">\n<div class=\"_prosemirror-parent_kfgfu_2 text-token-text-primary max-h-[25dvh] max-h-52 -mx-3 px-3 overflow-auto [scrollbar-width:thin] default-browser vertical-scroll-fade-mask min-h-12 pe-3\">\n<div id=\"prompt-textarea\" class=\"ProseMirror\" data-virtualkeyboard=\"true\"><\/div>\n<\/div>\n<\/div>\n<\/div>\n<\/div>\n<\/div>\n<\/div>\n<div class=\"justify-content-end relative ms-2 flex w-full flex-auto flex-col\">\n<div class=\"flex-auto\"><\/div>\n<\/div>\n<div><\/div>\n<\/div>\n<\/div>\n<\/div>\n<\/div>\n<\/div>\n<\/div>\n<\/div>\n<\/div>\n","protected":false},"excerpt":{"rendered":"<p>Cette chemise Loro Piana en coton ray\u00e9 incarne la discr\u00e9tion et la qualit\u00e9 propres \u00e0 la maison italienne. Confectionn\u00e9e dans un coton l\u00e9ger et respirant, elle pr\u00e9sente un motif de fines rayures verticales vert olive, gris perle et blanc, parfaitement \u00e9quilibr\u00e9 pour un rendu sobre et raffin\u00e9. Elle se distingue par une coupe classique \u00e0 [&hellip;]<\/p>\n","protected":false},"featured_media":4086646,"comment_status":"open","ping_status":"closed","template":"","meta":[],"product_brand":[],"product_cat":[],"product_tag":[],"acf":[],"_links":{"self":[{"href":"https:\/\/streetmarkets.fr\/app\/wp-json\/wp\/v2\/product\/4086645"}],"collection":[{"href":"https:\/\/streetmarkets.fr\/app\/wp-json\/wp\/v2\/product"}],"about":[{"href":"https:\/\/streetmarkets.fr\/app\/wp-json\/wp\/v2\/types\/product"}],"replies":[{"embeddable":true,"href":"https:\/\/streetmarkets.fr\/app\/wp-json\/wp\/v2\/comments?post=4086645"}],"wp:featuredmedia":[{"embeddable":true,"href":"https:\/\/streetmarkets.fr\/app\/wp-json\/wp\/v2\/media\/4086646"}],"wp:attachment":[{"href":"https:\/\/streetmarkets.fr\/app\/wp-json\/wp\/v2\/media?parent=4086645"}],"wp:term":[{"taxonomy":"product_brand","embeddable":true,"href":"https:\/\/streetmarkets.fr\/app\/wp-json\/wp\/v2\/product_brand?post=4086645"},{"taxonomy":"product_cat","embeddable":true,"href":"https:\/\/streetmarkets.fr\/app\/wp-json\/wp\/v2\/product_cat?post=4086645"},{"taxonomy":"product_tag","embeddable":true,"href":"https:\/\/streetmarkets.fr\/app\/wp-json\/wp\/v2\/product_tag?post=4086645"}],"curies":[{"name":"wp","href":"https:\/\/api.w.org\/{rel}","templated":true}]}}