{"id":4086521,"date":"2026-05-05T07:33:10","date_gmt":"2026-05-05T05:33:10","guid":{"rendered":"https:\/\/streetmarkets.fr\/app\/produit\/veste-lanvin-coton-noir-t48\/"},"modified":"2026-05-08T07:32:20","modified_gmt":"2026-05-08T05:32:20","slug":"veste-lanvin-coton-noir-t48","status":"publish","type":"product","link":"https:\/\/streetmarkets.fr\/app\/produit\/veste-lanvin-coton-noir-t48\/","title":{"rendered":"Veste Lanvin coton noir T48"},"content":{"rendered":"<p>Veste Lanvin en coton noir. La mati\u00e8re est assez l\u00e9g\u00e8re, id\u00e9al pour l&#8217;\u00e9t\u00e9. Coupe droite. Taille 48. En tr\u00e8s bon \u00e9tat.<\/p>\n<p>Dimensions : Hauteur 72cm, largeur \u00e9paules 48cm, longueur manches 62cm, largeur buste 58cm.<\/p>\n","protected":false},"excerpt":{"rendered":"<p>Veste Lanvin en coton noir. La mati\u00e8re est assez l\u00e9g\u00e8re, id\u00e9al pour l&#8217;\u00e9t\u00e9. Coupe droite. Taille 48. En tr\u00e8s bon \u00e9tat. Dimensions : Hauteur 72cm, largeur \u00e9paules 48cm, longueur manches 62cm, largeur buste 58cm.<\/p>\n","protected":false},"featured_media":4086522,"comment_status":"open","ping_status":"closed","template":"","meta":[],"product_brand":[],"product_cat":[],"product_tag":[],"acf":[],"_links":{"self":[{"href":"https:\/\/streetmarkets.fr\/app\/wp-json\/wp\/v2\/product\/4086521"}],"collection":[{"href":"https:\/\/streetmarkets.fr\/app\/wp-json\/wp\/v2\/product"}],"about":[{"href":"https:\/\/streetmarkets.fr\/app\/wp-json\/wp\/v2\/types\/product"}],"replies":[{"embeddable":true,"href":"https:\/\/streetmarkets.fr\/app\/wp-json\/wp\/v2\/comments?post=4086521"}],"wp:featuredmedia":[{"embeddable":true,"href":"https:\/\/streetmarkets.fr\/app\/wp-json\/wp\/v2\/media\/4086522"}],"wp:attachment":[{"href":"https:\/\/streetmarkets.fr\/app\/wp-json\/wp\/v2\/media?parent=4086521"}],"wp:term":[{"taxonomy":"product_brand","embeddable":true,"href":"https:\/\/streetmarkets.fr\/app\/wp-json\/wp\/v2\/product_brand?post=4086521"},{"taxonomy":"product_cat","embeddable":true,"href":"https:\/\/streetmarkets.fr\/app\/wp-json\/wp\/v2\/product_cat?post=4086521"},{"taxonomy":"product_tag","embeddable":true,"href":"https:\/\/streetmarkets.fr\/app\/wp-json\/wp\/v2\/product_tag?post=4086521"}],"curies":[{"name":"wp","href":"https:\/\/api.w.org\/{rel}","templated":true}]}}