{"id":4086477,"date":"2026-05-05T07:33:07","date_gmt":"2026-05-05T05:33:07","guid":{"rendered":"https:\/\/streetmarkets.fr\/app\/produit\/compagnon-dior-cuir-graine-bleu\/"},"modified":"2026-05-05T07:33:14","modified_gmt":"2026-05-05T05:33:14","slug":"compagnon-dior-cuir-graine-bleu","status":"publish","type":"product","link":"https:\/\/streetmarkets.fr\/app\/produit\/compagnon-dior-cuir-graine-bleu\/","title":{"rendered":"Compagnon Dior cuir grain\u00e9 bleu"},"content":{"rendered":"<p>Compagnon Dior en cuir grain\u00e9 bleu marine. Fermeture zipp\u00e9e. Vous trouverez deux espaces de rangement avec 12 fentes pour cartes et deux fentes pour billets s\u00e9par\u00e9 par une poche centrale zipp\u00e9e pour y glisser votre monnaie. En tr\u00e8s bon \u00e9tat.<\/p>\n","protected":false},"excerpt":{"rendered":"<p>Compagnon Dior en cuir grain\u00e9 bleu marine. Fermeture zipp\u00e9e. Vous trouverez deux espaces de rangement avec 12 fentes pour cartes et deux fentes pour billets s\u00e9par\u00e9 par une poche centrale zipp\u00e9e pour y glisser votre monnaie. En tr\u00e8s bon \u00e9tat.<\/p>\n","protected":false},"featured_media":4086478,"comment_status":"open","ping_status":"closed","template":"","meta":[],"product_brand":[],"product_cat":[],"product_tag":[],"acf":[],"_links":{"self":[{"href":"https:\/\/streetmarkets.fr\/app\/wp-json\/wp\/v2\/product\/4086477"}],"collection":[{"href":"https:\/\/streetmarkets.fr\/app\/wp-json\/wp\/v2\/product"}],"about":[{"href":"https:\/\/streetmarkets.fr\/app\/wp-json\/wp\/v2\/types\/product"}],"replies":[{"embeddable":true,"href":"https:\/\/streetmarkets.fr\/app\/wp-json\/wp\/v2\/comments?post=4086477"}],"wp:featuredmedia":[{"embeddable":true,"href":"https:\/\/streetmarkets.fr\/app\/wp-json\/wp\/v2\/media\/4086478"}],"wp:attachment":[{"href":"https:\/\/streetmarkets.fr\/app\/wp-json\/wp\/v2\/media?parent=4086477"}],"wp:term":[{"taxonomy":"product_brand","embeddable":true,"href":"https:\/\/streetmarkets.fr\/app\/wp-json\/wp\/v2\/product_brand?post=4086477"},{"taxonomy":"product_cat","embeddable":true,"href":"https:\/\/streetmarkets.fr\/app\/wp-json\/wp\/v2\/product_cat?post=4086477"},{"taxonomy":"product_tag","embeddable":true,"href":"https:\/\/streetmarkets.fr\/app\/wp-json\/wp\/v2\/product_tag?post=4086477"}],"curies":[{"name":"wp","href":"https:\/\/api.w.org\/{rel}","templated":true}]}}