{"id":4086463,"date":"2026-05-05T07:33:07","date_gmt":"2026-05-05T05:33:07","guid":{"rendered":"https:\/\/streetmarkets.fr\/app\/produit\/jordan-11-playoffs-annee-1995\/"},"modified":"2026-05-08T07:32:20","modified_gmt":"2026-05-08T05:32:20","slug":"jordan-11-playoffs-annee-1995","status":"publish","type":"product","link":"https:\/\/streetmarkets.fr\/app\/produit\/jordan-11-playoffs-annee-1995\/","title":{"rendered":"Jordan 11 Playoffs &#8211; Ann\u00e9e 1995"},"content":{"rendered":"<p>1995 Original Jordan XI Playoffs<\/p>\n<p>Lanc\u00e9e \u00e0 l&#8217;origine en 1995, la Air Jordan 11 Black \/ Red est la paire pr\u00e9f\u00e9r\u00e9e de tous les temps. Le cuir verni cousu sur le c\u00f4t\u00e9 de la tige\u00a0 contient une ligne blanche, c&#8217;est une fa\u00e7on de distinguer une Air Jordan XI &#8220;Playoffs&#8221; originale. Cette paire a emmen\u00e9 Michael Jordan et les Chicago Bulls \u00e0 un 4eme titre NBA en battant les Seattle Supersonics de Shawn Kemp et Gary Payton. Un autre ajout unique aux &#8220;Playoffs&#8221; de l&#8217;AJ XI est la semelle rouge translucide.<\/p>\n<p>La version OG pr\u00e9sente une construction en nylon balistique Cordura avec du cuir verni noir constituant un garde-boue \u00e0 couverture compl\u00e8te. Elle repose sur une semelle interm\u00e9diaire l\u00e9g\u00e8re en Phylon avec une unit\u00e9 Air Sole sur toute la longueur, une plaque \u00e0 ressort en fibre de carbone et une semelle ext\u00e9rieure translucide.<\/p>\n","protected":false},"excerpt":{"rendered":"<p>1995 Original Jordan XI Playoffs Lanc\u00e9e \u00e0 l&#8217;origine en 1995, la Air Jordan 11 Black \/ Red est la paire pr\u00e9f\u00e9r\u00e9e de tous les temps. Le cuir verni cousu sur le c\u00f4t\u00e9 de la tige\u00a0 contient une ligne blanche, c&#8217;est une fa\u00e7on de distinguer une Air Jordan XI &#8220;Playoffs&#8221; originale. Cette paire a emmen\u00e9 Michael [&hellip;]<\/p>\n","protected":false},"featured_media":4086464,"comment_status":"open","ping_status":"closed","template":"","meta":[],"product_brand":[],"product_cat":[],"product_tag":[],"acf":[],"_links":{"self":[{"href":"https:\/\/streetmarkets.fr\/app\/wp-json\/wp\/v2\/product\/4086463"}],"collection":[{"href":"https:\/\/streetmarkets.fr\/app\/wp-json\/wp\/v2\/product"}],"about":[{"href":"https:\/\/streetmarkets.fr\/app\/wp-json\/wp\/v2\/types\/product"}],"replies":[{"embeddable":true,"href":"https:\/\/streetmarkets.fr\/app\/wp-json\/wp\/v2\/comments?post=4086463"}],"wp:featuredmedia":[{"embeddable":true,"href":"https:\/\/streetmarkets.fr\/app\/wp-json\/wp\/v2\/media\/4086464"}],"wp:attachment":[{"href":"https:\/\/streetmarkets.fr\/app\/wp-json\/wp\/v2\/media?parent=4086463"}],"wp:term":[{"taxonomy":"product_brand","embeddable":true,"href":"https:\/\/streetmarkets.fr\/app\/wp-json\/wp\/v2\/product_brand?post=4086463"},{"taxonomy":"product_cat","embeddable":true,"href":"https:\/\/streetmarkets.fr\/app\/wp-json\/wp\/v2\/product_cat?post=4086463"},{"taxonomy":"product_tag","embeddable":true,"href":"https:\/\/streetmarkets.fr\/app\/wp-json\/wp\/v2\/product_tag?post=4086463"}],"curies":[{"name":"wp","href":"https:\/\/api.w.org\/{rel}","templated":true}]}}