{"id":4086411,"date":"2026-05-05T07:33:02","date_gmt":"2026-05-05T05:33:02","guid":{"rendered":"https:\/\/streetmarkets.fr\/app\/produit\/chevaliere-college-ruthenium\/"},"modified":"2026-05-08T07:32:19","modified_gmt":"2026-05-08T05:32:19","slug":"chevaliere-college-ruthenium","status":"publish","type":"product","link":"https:\/\/streetmarkets.fr\/app\/produit\/chevaliere-college-ruthenium\/","title":{"rendered":"Chevali\u00e8re College ruth\u00e9nium"},"content":{"rendered":"<p>D\u00e9couvrez Enswear, une marque de bijoux fantaisie n\u00e9e en 2012 de la rencontre entre le talentueux designer Enson Malbranche et l\u2019expertise des prestigieux Ateliers Malluro, artisans derri\u00e8re les cr\u00e9ations des maisons iconiques comme Chanel et Dior.<\/p>\n<p>Initialement d\u00e9voil\u00e9e en exclusivit\u00e9 chez Colette, cette collection allie un design moderne et audacieux \u00e0 un savoir-faire d\u2019exception. Chaque bijou est con\u00e7u en laiton et sublim\u00e9 par un alliage de ruth\u00e9nium, argent 925 ou or, offrant une \u00e9l\u00e9gance brute et sophistiqu\u00e9e.<\/p>\n<p>Au fil du temps, une oxydation naturelle appara\u00eet, rendant chaque pi\u00e8ce unique et lui conf\u00e9rant une patine singuli\u00e8re. D\u00e9sormais disponibles en exclusivit\u00e9 chez OFC, les bijoux Enswear incarnent une vision o\u00f9 le style intemporel rencontre l\u2019artisanat de haute qualit\u00e9.<\/p>\n<p>Portez l\u2019authenticit\u00e9 et l\u2019\u00e2me de cr\u00e9ations fa\u00e7onn\u00e9es avec passion et pr\u00e9cision.<\/p>\n","protected":false},"excerpt":{"rendered":"<p>D\u00e9couvrez Enswear, une marque de bijoux fantaisie n\u00e9e en 2012 de la rencontre entre le talentueux designer Enson Malbranche et l\u2019expertise des prestigieux Ateliers Malluro, artisans derri\u00e8re les cr\u00e9ations des maisons iconiques comme Chanel et Dior. Initialement d\u00e9voil\u00e9e en exclusivit\u00e9 chez Colette, cette collection allie un design moderne et audacieux \u00e0 un savoir-faire d\u2019exception. Chaque [&hellip;]<\/p>\n","protected":false},"featured_media":4086412,"comment_status":"open","ping_status":"closed","template":"","meta":[],"product_brand":[],"product_cat":[],"product_tag":[],"acf":[],"_links":{"self":[{"href":"https:\/\/streetmarkets.fr\/app\/wp-json\/wp\/v2\/product\/4086411"}],"collection":[{"href":"https:\/\/streetmarkets.fr\/app\/wp-json\/wp\/v2\/product"}],"about":[{"href":"https:\/\/streetmarkets.fr\/app\/wp-json\/wp\/v2\/types\/product"}],"replies":[{"embeddable":true,"href":"https:\/\/streetmarkets.fr\/app\/wp-json\/wp\/v2\/comments?post=4086411"}],"wp:featuredmedia":[{"embeddable":true,"href":"https:\/\/streetmarkets.fr\/app\/wp-json\/wp\/v2\/media\/4086412"}],"wp:attachment":[{"href":"https:\/\/streetmarkets.fr\/app\/wp-json\/wp\/v2\/media?parent=4086411"}],"wp:term":[{"taxonomy":"product_brand","embeddable":true,"href":"https:\/\/streetmarkets.fr\/app\/wp-json\/wp\/v2\/product_brand?post=4086411"},{"taxonomy":"product_cat","embeddable":true,"href":"https:\/\/streetmarkets.fr\/app\/wp-json\/wp\/v2\/product_cat?post=4086411"},{"taxonomy":"product_tag","embeddable":true,"href":"https:\/\/streetmarkets.fr\/app\/wp-json\/wp\/v2\/product_tag?post=4086411"}],"curies":[{"name":"wp","href":"https:\/\/api.w.org\/{rel}","templated":true}]}}