{"id":4086347,"date":"2026-05-05T07:32:56","date_gmt":"2026-05-05T05:32:56","guid":{"rendered":"https:\/\/streetmarkets.fr\/app\/produit\/chemise-givenchy-coton-gris\/"},"modified":"2026-05-12T07:32:27","modified_gmt":"2026-05-12T05:32:27","slug":"chemise-givenchy-coton-gris","status":"publish","type":"product","link":"https:\/\/streetmarkets.fr\/app\/produit\/chemise-givenchy-coton-gris\/","title":{"rendered":"Chemise Givenchy coton gris"},"content":{"rendered":"<p>Chemise Givenchy en coton gris. Deux grandes poches \u00e0 l&#8217;avant. Coupe droite. Taille 48. Pi\u00e8ce de d\u00e9fil\u00e9. En tr\u00e8s bon \u00e9tat.<\/p>\n<p>Dimensions : Hauteur 76cm, largeur \u00e9paules 48cm, longueur manches 64cm.<\/p>\n","protected":false},"excerpt":{"rendered":"<p>Chemise Givenchy en coton gris. Deux grandes poches \u00e0 l&#8217;avant. Coupe droite. Taille 48. Pi\u00e8ce de d\u00e9fil\u00e9. En tr\u00e8s bon \u00e9tat. Dimensions : Hauteur 76cm, largeur \u00e9paules 48cm, longueur manches 64cm.<\/p>\n","protected":false},"featured_media":4086348,"comment_status":"open","ping_status":"closed","template":"","meta":[],"product_brand":[],"product_cat":[],"product_tag":[],"acf":[],"_links":{"self":[{"href":"https:\/\/streetmarkets.fr\/app\/wp-json\/wp\/v2\/product\/4086347"}],"collection":[{"href":"https:\/\/streetmarkets.fr\/app\/wp-json\/wp\/v2\/product"}],"about":[{"href":"https:\/\/streetmarkets.fr\/app\/wp-json\/wp\/v2\/types\/product"}],"replies":[{"embeddable":true,"href":"https:\/\/streetmarkets.fr\/app\/wp-json\/wp\/v2\/comments?post=4086347"}],"wp:featuredmedia":[{"embeddable":true,"href":"https:\/\/streetmarkets.fr\/app\/wp-json\/wp\/v2\/media\/4086348"}],"wp:attachment":[{"href":"https:\/\/streetmarkets.fr\/app\/wp-json\/wp\/v2\/media?parent=4086347"}],"wp:term":[{"taxonomy":"product_brand","embeddable":true,"href":"https:\/\/streetmarkets.fr\/app\/wp-json\/wp\/v2\/product_brand?post=4086347"},{"taxonomy":"product_cat","embeddable":true,"href":"https:\/\/streetmarkets.fr\/app\/wp-json\/wp\/v2\/product_cat?post=4086347"},{"taxonomy":"product_tag","embeddable":true,"href":"https:\/\/streetmarkets.fr\/app\/wp-json\/wp\/v2\/product_tag?post=4086347"}],"curies":[{"name":"wp","href":"https:\/\/api.w.org\/{rel}","templated":true}]}}