{"id":4086308,"date":"2026-05-05T07:32:46","date_gmt":"2026-05-05T05:32:46","guid":{"rendered":"https:\/\/streetmarkets.fr\/app\/produit\/caban-givenchy-laine-bleu-marine\/"},"modified":"2026-05-12T07:32:16","modified_gmt":"2026-05-12T05:32:16","slug":"caban-givenchy-laine-bleu-marine","status":"publish","type":"product","link":"https:\/\/streetmarkets.fr\/app\/produit\/caban-givenchy-laine-bleu-marine\/","title":{"rendered":"Caban Givenchy laine bleu marine"},"content":{"rendered":"<p>Caban Givenchy en laine bleu marine. Taille 46. En tr\u00e8s bon \u00e9tat.<\/p>\n<p>Dimensions : Hauteur 95cm, largeur \u00e9paules 46cm, longueur manches 60cm.<\/p>\n","protected":false},"excerpt":{"rendered":"<p>Caban Givenchy en laine bleu marine. Taille 46. En tr\u00e8s bon \u00e9tat. Dimensions : Hauteur 95cm, largeur \u00e9paules 46cm, longueur manches 60cm.<\/p>\n","protected":false},"featured_media":4086309,"comment_status":"open","ping_status":"closed","template":"","meta":[],"product_brand":[],"product_cat":[],"product_tag":[],"acf":[],"_links":{"self":[{"href":"https:\/\/streetmarkets.fr\/app\/wp-json\/wp\/v2\/product\/4086308"}],"collection":[{"href":"https:\/\/streetmarkets.fr\/app\/wp-json\/wp\/v2\/product"}],"about":[{"href":"https:\/\/streetmarkets.fr\/app\/wp-json\/wp\/v2\/types\/product"}],"replies":[{"embeddable":true,"href":"https:\/\/streetmarkets.fr\/app\/wp-json\/wp\/v2\/comments?post=4086308"}],"wp:featuredmedia":[{"embeddable":true,"href":"https:\/\/streetmarkets.fr\/app\/wp-json\/wp\/v2\/media\/4086309"}],"wp:attachment":[{"href":"https:\/\/streetmarkets.fr\/app\/wp-json\/wp\/v2\/media?parent=4086308"}],"wp:term":[{"taxonomy":"product_brand","embeddable":true,"href":"https:\/\/streetmarkets.fr\/app\/wp-json\/wp\/v2\/product_brand?post=4086308"},{"taxonomy":"product_cat","embeddable":true,"href":"https:\/\/streetmarkets.fr\/app\/wp-json\/wp\/v2\/product_cat?post=4086308"},{"taxonomy":"product_tag","embeddable":true,"href":"https:\/\/streetmarkets.fr\/app\/wp-json\/wp\/v2\/product_tag?post=4086308"}],"curies":[{"name":"wp","href":"https:\/\/api.w.org\/{rel}","templated":true}]}}