{"id":4086269,"date":"2026-05-05T07:32:43","date_gmt":"2026-05-05T05:32:43","guid":{"rendered":"https:\/\/streetmarkets.fr\/app\/produit\/sneakers-balenciaga-track-trainers\/"},"modified":"2026-05-08T07:32:08","modified_gmt":"2026-05-08T05:32:08","slug":"sneakers-balenciaga-track-trainers","status":"publish","type":"product","link":"https:\/\/streetmarkets.fr\/app\/produit\/sneakers-balenciaga-track-trainers\/","title":{"rendered":"Sneakers Balenciaga Track Trainers"},"content":{"rendered":"<p>Sneakers Balenciaga Track Trainers. Taille 42. En tr\u00e8s bon \u00e9tat. Livr\u00e9 dans leur boite d&#8217;origine. Prix public 875 euros.<\/p>\n","protected":false},"excerpt":{"rendered":"<p>Sneakers Balenciaga Track Trainers. Taille 42. En tr\u00e8s bon \u00e9tat. Livr\u00e9 dans leur boite d&#8217;origine. Prix public 875 euros.<\/p>\n","protected":false},"featured_media":4086270,"comment_status":"open","ping_status":"closed","template":"","meta":[],"product_brand":[],"product_cat":[],"product_tag":[],"acf":[],"_links":{"self":[{"href":"https:\/\/streetmarkets.fr\/app\/wp-json\/wp\/v2\/product\/4086269"}],"collection":[{"href":"https:\/\/streetmarkets.fr\/app\/wp-json\/wp\/v2\/product"}],"about":[{"href":"https:\/\/streetmarkets.fr\/app\/wp-json\/wp\/v2\/types\/product"}],"replies":[{"embeddable":true,"href":"https:\/\/streetmarkets.fr\/app\/wp-json\/wp\/v2\/comments?post=4086269"}],"wp:featuredmedia":[{"embeddable":true,"href":"https:\/\/streetmarkets.fr\/app\/wp-json\/wp\/v2\/media\/4086270"}],"wp:attachment":[{"href":"https:\/\/streetmarkets.fr\/app\/wp-json\/wp\/v2\/media?parent=4086269"}],"wp:term":[{"taxonomy":"product_brand","embeddable":true,"href":"https:\/\/streetmarkets.fr\/app\/wp-json\/wp\/v2\/product_brand?post=4086269"},{"taxonomy":"product_cat","embeddable":true,"href":"https:\/\/streetmarkets.fr\/app\/wp-json\/wp\/v2\/product_cat?post=4086269"},{"taxonomy":"product_tag","embeddable":true,"href":"https:\/\/streetmarkets.fr\/app\/wp-json\/wp\/v2\/product_tag?post=4086269"}],"curies":[{"name":"wp","href":"https:\/\/api.w.org\/{rel}","templated":true}]}}