{"id":4063357,"date":"2026-05-02T01:14:08","date_gmt":"2026-05-01T23:14:08","guid":{"rendered":"https:\/\/streetmarkets.fr\/app\/produit\/peigne-chien\/"},"modified":"2026-05-09T01:12:47","modified_gmt":"2026-05-08T23:12:47","slug":"peigne-chien","status":"publish","type":"product","link":"https:\/\/streetmarkets.fr\/app\/produit\/peigne-chien\/","title":{"rendered":"Peigne Chien"},"content":{"rendered":"<div id=\"product-description-short-41\" class=\"rte-content\">\n<strong><a href=\"\/collections\/coucou-suzette\" title=\"Collection Coucou Suzette\">Collection Coucou Suzette<\/a><\/strong><strong><\/strong>\n<\/div>\n<div class=\"rte-content\">\n<strong><\/strong>\n<\/div>\n<div class=\"rte-content\">\n<p data-mce-fragment=\"1\"><span data-mce-fragment=\"1\">Les toutous stars reviennent sous une toute nouvelle forme, cette fois-ci avec des dents en ac\u00e9tate pour un peigne pas comme les autres ! Id\u00e9al pour les cheveux longs comme courts, ce joli peigne deviendra \u00e0 coup s\u00fbr l\u2019incontournable de nos morning routines !<\/span><\/p>\n<p><span><\/span>Ce peigne est fait \u00e0 partir d&#8217;Acetate de Cellulose recycl\u00e9e &amp; biod\u00e9gradable (Eco-Friendly).<\/p>\n<\/div>\n<div class=\"rte-content\">\n<div id=\"product-description-short-123\" class=\"rte-content\">\n<ul>\n<li><em>Chaque cr\u00e9ation est unique, la couleur peut varier l\u00e9g\u00e8rement selon le morceau d&#8217;ac\u00e9tate utilis\u00e9<\/em><\/li>\n<li><em>Type d\u2019attache :<span>\u00a0<\/span>dents en ac\u00e9tate<\/em><\/li>\n<li><em><span>Fabriqu\u00e9e en Chine dans une usine audit\u00e9e<\/span><\/em><\/li>\n<li><em>Conseils d\u2019utilisation : \u00e9viter le contact avec l\u2019eau<\/em><\/li>\n<\/ul>\n<p>Dimensions teckel : environ 17 cm x 5 cm<\/p>\n<p>Dimensions yorkshire : environ 16,5 cm x 6,5 cm<\/p>\n<\/div>\n<\/div>\n","protected":false},"excerpt":{"rendered":"<p>Collection Coucou Suzette Les toutous stars reviennent sous une toute nouvelle forme, cette fois-ci avec des dents en ac\u00e9tate pour un peigne pas comme les autres ! Id\u00e9al pour les cheveux longs comme courts, ce joli peigne deviendra \u00e0 coup s\u00fbr l\u2019incontournable de nos morning routines ! Ce peigne est fait \u00e0 partir d&#8217;Acetate de [&hellip;]<\/p>\n","protected":false},"featured_media":4063358,"comment_status":"open","ping_status":"closed","template":"","meta":[],"product_brand":[],"product_cat":[],"product_tag":[],"acf":[],"_links":{"self":[{"href":"https:\/\/streetmarkets.fr\/app\/wp-json\/wp\/v2\/product\/4063357"}],"collection":[{"href":"https:\/\/streetmarkets.fr\/app\/wp-json\/wp\/v2\/product"}],"about":[{"href":"https:\/\/streetmarkets.fr\/app\/wp-json\/wp\/v2\/types\/product"}],"replies":[{"embeddable":true,"href":"https:\/\/streetmarkets.fr\/app\/wp-json\/wp\/v2\/comments?post=4063357"}],"wp:featuredmedia":[{"embeddable":true,"href":"https:\/\/streetmarkets.fr\/app\/wp-json\/wp\/v2\/media\/4063358"}],"wp:attachment":[{"href":"https:\/\/streetmarkets.fr\/app\/wp-json\/wp\/v2\/media?parent=4063357"}],"wp:term":[{"taxonomy":"product_brand","embeddable":true,"href":"https:\/\/streetmarkets.fr\/app\/wp-json\/wp\/v2\/product_brand?post=4063357"},{"taxonomy":"product_cat","embeddable":true,"href":"https:\/\/streetmarkets.fr\/app\/wp-json\/wp\/v2\/product_cat?post=4063357"},{"taxonomy":"product_tag","embeddable":true,"href":"https:\/\/streetmarkets.fr\/app\/wp-json\/wp\/v2\/product_tag?post=4063357"}],"curies":[{"name":"wp","href":"https:\/\/api.w.org\/{rel}","templated":true}]}}