{"id":4063306,"date":"2026-05-02T01:14:06","date_gmt":"2026-05-01T23:14:06","guid":{"rendered":"https:\/\/streetmarkets.fr\/app\/produit\/sac-banane-custine-xl-leopard-beige\/"},"modified":"2026-05-04T01:15:40","modified_gmt":"2026-05-03T23:15:40","slug":"sac-banane-custine-xl-leopard-beige","status":"publish","type":"product","link":"https:\/\/streetmarkets.fr\/app\/produit\/sac-banane-custine-xl-leopard-beige\/","title":{"rendered":"Sac Banane Custine XL L\u00e9opard Beige"},"content":{"rendered":"<p class=\"p1\"><a title=\"Collection Rive Droite Paris\" href=\"\/collections\/rive-droite-paris\"><strong>Collection Rive Droite Paris<\/strong><\/a><\/p>\n<p><span>D\u00e9couvrez Custine dans sa nouvelle version XL L\u00e9opard Beige ! \u00a0Ces couleurs intemporelles viendront complimenter parfaitement vos tenues.<\/span><\/p>\n<p><span style=\"font-family: -apple-system, BlinkMacSystemFont, 'San Francisco', 'Segoe UI', Roboto, 'Helvetica Neue', sans-serif;font-size: 0.875rem\">Avec sa forme arrondie, son grand compartiment principal et sa grande poche int\u00e9rieure zipp\u00e9e, Custine le sac banane version\u00a0L\u00e9opard va vite remplacer votre sac \u00e0 main. Cl\u00e9s, portefeuille, t\u00e9l\u00e9phone, make-up, vous pouvez y ranger vos essentiels tout en gardant les mains libres.<\/span><\/p>\n<p>Sa anse s&#8217;ajuste facilement pour pouvoir le porter en bandouli\u00e8re ou \u00e0 la taille selon vos envies.<\/p>\n<p>Les doublures de cette collection sont unies de couleur noires et toujours issues de fins de stocks de tissus de l&#8217;industrie textile.<\/p>\n<ul data-mce-fragment=\"1\">\n<li data-mce-fragment=\"1\">\n<strong data-mce-fragment=\"1\">Composition<\/strong><span data-mce-fragment=\"1\">\u00a0<\/span>:<span data-mce-fragment=\"1\">\u00a0<\/span><span data-mce-fragment=\"1\">Coton recycl\u00e9 &#8211; 84% Coton &amp; 16% Polyester<\/span>\n<\/li>\n<li data-mce-fragment=\"1\">\n<span data-mce-fragment=\"1\"><strong data-mce-fragment=\"1\">Emballage :\u00a0<\/strong><\/span>Ce produit est emball\u00e9 avec soin dans un pochon en coton r\u00e9utilisable avec un lien coulissant<\/li>\n<li data-mce-fragment=\"1\">\n<strong data-mce-fragment=\"1\">Doublure<\/strong><span data-mce-fragment=\"1\">\u00a0<\/span>: 100% polycoton upcycl\u00e9\u00a0issu de fins de stocks de tissus de l&#8217;industrie textile. Doublures unies<\/li>\n<li data-mce-fragment=\"1\">\n<strong data-mce-fragment=\"1\">Dimensions<\/strong><span data-mce-fragment=\"1\">\u00a0<\/span>:<span data-mce-fragment=\"1\"> Hx22 Px6,5 Lx32 cm<\/span><span data-mce-fragment=\"1\">. Tour de taille maximum 112cm. Tour de taille minimum 66cm.<\/span>\n<\/li>\n<li data-mce-fragment=\"1\">\n<strong data-mce-fragment=\"1\">Conseils d&#8217;entretien<\/strong><span data-mce-fragment=\"1\">\u00a0<\/span>:  <span data-mce-fragment=\"1\">Lavage \u00e0 sec uniquement. Repasser sur l&#8217;envers.<\/span>\n<\/li>\n<\/ul>\n","protected":false},"excerpt":{"rendered":"<p>Collection Rive Droite Paris D\u00e9couvrez Custine dans sa nouvelle version XL L\u00e9opard Beige ! \u00a0Ces couleurs intemporelles viendront complimenter parfaitement vos tenues. Avec sa forme arrondie, son grand compartiment principal et sa grande poche int\u00e9rieure zipp\u00e9e, Custine le sac banane version\u00a0L\u00e9opard va vite remplacer votre sac \u00e0 main. Cl\u00e9s, portefeuille, t\u00e9l\u00e9phone, make-up, vous pouvez y [&hellip;]<\/p>\n","protected":false},"featured_media":4063307,"comment_status":"open","ping_status":"closed","template":"","meta":[],"product_brand":[],"product_cat":[],"product_tag":[],"acf":[],"_links":{"self":[{"href":"https:\/\/streetmarkets.fr\/app\/wp-json\/wp\/v2\/product\/4063306"}],"collection":[{"href":"https:\/\/streetmarkets.fr\/app\/wp-json\/wp\/v2\/product"}],"about":[{"href":"https:\/\/streetmarkets.fr\/app\/wp-json\/wp\/v2\/types\/product"}],"replies":[{"embeddable":true,"href":"https:\/\/streetmarkets.fr\/app\/wp-json\/wp\/v2\/comments?post=4063306"}],"wp:featuredmedia":[{"embeddable":true,"href":"https:\/\/streetmarkets.fr\/app\/wp-json\/wp\/v2\/media\/4063307"}],"wp:attachment":[{"href":"https:\/\/streetmarkets.fr\/app\/wp-json\/wp\/v2\/media?parent=4063306"}],"wp:term":[{"taxonomy":"product_brand","embeddable":true,"href":"https:\/\/streetmarkets.fr\/app\/wp-json\/wp\/v2\/product_brand?post=4063306"},{"taxonomy":"product_cat","embeddable":true,"href":"https:\/\/streetmarkets.fr\/app\/wp-json\/wp\/v2\/product_cat?post=4063306"},{"taxonomy":"product_tag","embeddable":true,"href":"https:\/\/streetmarkets.fr\/app\/wp-json\/wp\/v2\/product_tag?post=4063306"}],"curies":[{"name":"wp","href":"https:\/\/api.w.org\/{rel}","templated":true}]}}