{"id":4063015,"date":"2026-05-02T01:13:40","date_gmt":"2026-05-01T23:13:40","guid":{"rendered":"https:\/\/streetmarkets.fr\/app\/produit\/boucles-doreilles-tournesol\/"},"modified":"2026-05-06T01:13:07","modified_gmt":"2026-05-05T23:13:07","slug":"boucles-doreilles-tournesol","status":"publish","type":"product","link":"https:\/\/streetmarkets.fr\/app\/produit\/boucles-doreilles-tournesol\/","title":{"rendered":"Boucles d&#8217;oreilles Tournesol"},"content":{"rendered":"<div id=\"product-description-short-41\" class=\"rte-content\">\n<div id=\"product-description-short-123\" class=\"rte-content\">\n<p><strong><a href=\"\/collections\/coucou-suzette\" title=\"Collection Coucou Suzette\">Collection Coucou Suzette<\/a><\/strong><\/p>\n<p><span data-mce-fragment=\"1\">Ohlala\u2026 Nous voil\u00e0 \u00e9blouies par tant d\u2019\u00e9clat ! Ces magnifiques boucles d\u2019oreilles tournesol scintillent de mille feux dans leur habit d\u2019or et de lumi\u00e8re. Un bien joli bijou, semblable \u00e0 deux petits soleils qui encadrent parfaitement notre visage et apportent juste ce qu\u2019il faut de lumi\u00e8re. \u00c0 porter en journ\u00e9e pour sublimer tous nos looks, comme en soir\u00e9e fa\u00e7on en bombe b\u00e9b\u00e9.<\/span><\/p>\n<p>Les tiges de ce petit bijou sont faites d&#8217;acier inoxydable, ce qui le rend hypoallerg\u00e9nique pour nos douces oreilles !<\/p>\n<ul>\n<li><em>Tiges hypoallerg\u00e9niques en acier inoxydable<\/em><\/li>\n<li>\n<i>100% laiton &#8211; dor\u00e9es \u00e0 l&#8217;or fin<\/i><em>\u00a00,02 microns<\/em>\n<\/li>\n<li><em>Type d\u2019attache :\u00a0clou<\/em><\/li>\n<li><em>Conseils d\u2019utilisation : \u00e9viter le contact avec l\u2019eau<\/em><\/li>\n<\/ul>\n<p>Dimensions : environ 3 x 3 cm<\/p>\n<\/div>\n<\/div>\n","protected":false},"excerpt":{"rendered":"<p>Collection Coucou Suzette Ohlala\u2026 Nous voil\u00e0 \u00e9blouies par tant d\u2019\u00e9clat ! Ces magnifiques boucles d\u2019oreilles tournesol scintillent de mille feux dans leur habit d\u2019or et de lumi\u00e8re. Un bien joli bijou, semblable \u00e0 deux petits soleils qui encadrent parfaitement notre visage et apportent juste ce qu\u2019il faut de lumi\u00e8re. \u00c0 porter en journ\u00e9e pour sublimer [&hellip;]<\/p>\n","protected":false},"featured_media":4063016,"comment_status":"open","ping_status":"closed","template":"","meta":[],"product_brand":[],"product_cat":[],"product_tag":[],"acf":[],"_links":{"self":[{"href":"https:\/\/streetmarkets.fr\/app\/wp-json\/wp\/v2\/product\/4063015"}],"collection":[{"href":"https:\/\/streetmarkets.fr\/app\/wp-json\/wp\/v2\/product"}],"about":[{"href":"https:\/\/streetmarkets.fr\/app\/wp-json\/wp\/v2\/types\/product"}],"replies":[{"embeddable":true,"href":"https:\/\/streetmarkets.fr\/app\/wp-json\/wp\/v2\/comments?post=4063015"}],"wp:featuredmedia":[{"embeddable":true,"href":"https:\/\/streetmarkets.fr\/app\/wp-json\/wp\/v2\/media\/4063016"}],"wp:attachment":[{"href":"https:\/\/streetmarkets.fr\/app\/wp-json\/wp\/v2\/media?parent=4063015"}],"wp:term":[{"taxonomy":"product_brand","embeddable":true,"href":"https:\/\/streetmarkets.fr\/app\/wp-json\/wp\/v2\/product_brand?post=4063015"},{"taxonomy":"product_cat","embeddable":true,"href":"https:\/\/streetmarkets.fr\/app\/wp-json\/wp\/v2\/product_cat?post=4063015"},{"taxonomy":"product_tag","embeddable":true,"href":"https:\/\/streetmarkets.fr\/app\/wp-json\/wp\/v2\/product_tag?post=4063015"}],"curies":[{"name":"wp","href":"https:\/\/api.w.org\/{rel}","templated":true}]}}