{"id":4063007,"date":"2026-05-02T01:13:31","date_gmt":"2026-05-01T23:13:31","guid":{"rendered":"https:\/\/streetmarkets.fr\/app\/produit\/barrette-pivoine\/"},"modified":"2026-05-09T01:12:24","modified_gmt":"2026-05-08T23:12:24","slug":"barrette-pivoine","status":"publish","type":"product","link":"https:\/\/streetmarkets.fr\/app\/produit\/barrette-pivoine\/","title":{"rendered":"Barrette Pivoine"},"content":{"rendered":"<div id=\"product-description-short-41\" class=\"rte-content\"><strong><a href=\"\/collections\/coucou-suzette\" title=\"Collection Coucou Suzette\">Collection Coucou Suzette<\/a><\/strong><\/div>\n<div class=\"rte-content\">\n<strong><\/strong>\n<\/div>\n<div class=\"rte-content\">\n<p style=\"font-weight: 400\">Comment r\u00e9sister \u00e0 la pivoine ? Ce gros bouton de fleur qui s\u2019\u00e9panouit avec gr\u00e2ce pour d\u00e9voiler ses p\u00e9tales ultra d\u00e9licats.\u00a0<\/p>\n<p style=\"font-weight: 400\">Voil\u00e0 une barrette originale pour c\u00e9l\u00e9brer cette belle fleur rose accompagn\u00e9e de ses jolies feuilles vertes, le tout parsem\u00e9 de d\u00e9tails \u00e0 l\u2019encre dor\u00e9e pour encore plus de po\u00e9sie dans nos coiffures.<\/p>\n<\/div>\n<div class=\"rte-content\">\n<p>Cette barrette\u00a0est faite \u00e0 partir d&#8217;Acetate de Cellulose recycl\u00e9e &amp; biod\u00e9gradable (Eco-Friendly).<\/p>\n<ul>\n<li><em>Chaque cr\u00e9ation est unique, la couleur peut varier l\u00e9g\u00e8rement selon le morceau d&#8217;ac\u00e9tate utilis\u00e9<\/em><\/li>\n<li><em>Type d\u2019attache : barrette crocodile en m\u00e9tal<\/em><\/li>\n<li><em>Conseils d\u2019utilisation : \u00e9viter le contact avec l\u2019eau<\/em><\/li>\n<\/ul>\n<\/div>\n<div class=\"rte-content\">\n<div id=\"product-description-short-123\" class=\"rte-content\">\n<p>Dimensions : environ\u00a04,5 cm x 2,3 cm<\/p>\n<\/div>\n<\/div>\n","protected":false},"excerpt":{"rendered":"<p>Collection Coucou Suzette Comment r\u00e9sister \u00e0 la pivoine ? Ce gros bouton de fleur qui s\u2019\u00e9panouit avec gr\u00e2ce pour d\u00e9voiler ses p\u00e9tales ultra d\u00e9licats.\u00a0 Voil\u00e0 une barrette originale pour c\u00e9l\u00e9brer cette belle fleur rose accompagn\u00e9e de ses jolies feuilles vertes, le tout parsem\u00e9 de d\u00e9tails \u00e0 l\u2019encre dor\u00e9e pour encore plus de po\u00e9sie dans nos [&hellip;]<\/p>\n","protected":false},"featured_media":4063008,"comment_status":"open","ping_status":"closed","template":"","meta":[],"product_brand":[],"product_cat":[],"product_tag":[],"acf":[],"_links":{"self":[{"href":"https:\/\/streetmarkets.fr\/app\/wp-json\/wp\/v2\/product\/4063007"}],"collection":[{"href":"https:\/\/streetmarkets.fr\/app\/wp-json\/wp\/v2\/product"}],"about":[{"href":"https:\/\/streetmarkets.fr\/app\/wp-json\/wp\/v2\/types\/product"}],"replies":[{"embeddable":true,"href":"https:\/\/streetmarkets.fr\/app\/wp-json\/wp\/v2\/comments?post=4063007"}],"wp:featuredmedia":[{"embeddable":true,"href":"https:\/\/streetmarkets.fr\/app\/wp-json\/wp\/v2\/media\/4063008"}],"wp:attachment":[{"href":"https:\/\/streetmarkets.fr\/app\/wp-json\/wp\/v2\/media?parent=4063007"}],"wp:term":[{"taxonomy":"product_brand","embeddable":true,"href":"https:\/\/streetmarkets.fr\/app\/wp-json\/wp\/v2\/product_brand?post=4063007"},{"taxonomy":"product_cat","embeddable":true,"href":"https:\/\/streetmarkets.fr\/app\/wp-json\/wp\/v2\/product_cat?post=4063007"},{"taxonomy":"product_tag","embeddable":true,"href":"https:\/\/streetmarkets.fr\/app\/wp-json\/wp\/v2\/product_tag?post=4063007"}],"curies":[{"name":"wp","href":"https:\/\/api.w.org\/{rel}","templated":true}]}}