{"id":4062757,"date":"2026-05-02T01:13:21","date_gmt":"2026-05-01T23:13:21","guid":{"rendered":"https:\/\/streetmarkets.fr\/app\/produit\/chaussettes-coquille-st-jacques\/"},"modified":"2026-05-09T01:12:12","modified_gmt":"2026-05-08T23:12:12","slug":"chaussettes-coquille-st-jacques","status":"publish","type":"product","link":"https:\/\/streetmarkets.fr\/app\/produit\/chaussettes-coquille-st-jacques\/","title":{"rendered":"Chaussettes Coquille St Jacques"},"content":{"rendered":"<p class=\"p1\"><a href=\"\/collections\/coucou-suzette\" title=\"Collection Coucou Suzette\"><strong>Collection Coucou Suzette<\/strong><\/a><\/p>\n<p><span>Des chaussettes originales couvertes de coquillages \u00e9l\u00e9gants garnis de perles ! Ces coquilles Saint-Jacques sont mixtes et assurent des pieds au summum du confort gr\u00e2ce \u00e0 leur coton certifi\u00e9 OEKO-TEX.<\/span><\/p>\n<ul>\n<li><em>Chaussettes en coton italien certifi\u00e9 OEKO-TEX\u00ae\ufe0f<\/em><\/li>\n<li><em>Mixtes &#8211;\u00a0Taille unique (du 35 au 44)<\/em><\/li>\n<li><em>Conseils d\u2019entretien\u00a0: laver \u00e0 l\u2019envers \u00e0 30\u00b0<\/em><\/li>\n<li><em>Fabriqu\u00e9es\u00a0au Portugal<\/em><\/li>\n<\/ul>\n","protected":false},"excerpt":{"rendered":"<p>Collection Coucou Suzette Des chaussettes originales couvertes de coquillages \u00e9l\u00e9gants garnis de perles ! Ces coquilles Saint-Jacques sont mixtes et assurent des pieds au summum du confort gr\u00e2ce \u00e0 leur coton certifi\u00e9 OEKO-TEX. Chaussettes en coton italien certifi\u00e9 OEKO-TEX\u00ae\ufe0f Mixtes &#8211;\u00a0Taille unique (du 35 au 44) Conseils d\u2019entretien\u00a0: laver \u00e0 l\u2019envers \u00e0 30\u00b0 Fabriqu\u00e9es\u00a0au Portugal<\/p>\n","protected":false},"featured_media":4062758,"comment_status":"open","ping_status":"closed","template":"","meta":[],"product_brand":[],"product_cat":[],"product_tag":[],"acf":[],"_links":{"self":[{"href":"https:\/\/streetmarkets.fr\/app\/wp-json\/wp\/v2\/product\/4062757"}],"collection":[{"href":"https:\/\/streetmarkets.fr\/app\/wp-json\/wp\/v2\/product"}],"about":[{"href":"https:\/\/streetmarkets.fr\/app\/wp-json\/wp\/v2\/types\/product"}],"replies":[{"embeddable":true,"href":"https:\/\/streetmarkets.fr\/app\/wp-json\/wp\/v2\/comments?post=4062757"}],"wp:featuredmedia":[{"embeddable":true,"href":"https:\/\/streetmarkets.fr\/app\/wp-json\/wp\/v2\/media\/4062758"}],"wp:attachment":[{"href":"https:\/\/streetmarkets.fr\/app\/wp-json\/wp\/v2\/media?parent=4062757"}],"wp:term":[{"taxonomy":"product_brand","embeddable":true,"href":"https:\/\/streetmarkets.fr\/app\/wp-json\/wp\/v2\/product_brand?post=4062757"},{"taxonomy":"product_cat","embeddable":true,"href":"https:\/\/streetmarkets.fr\/app\/wp-json\/wp\/v2\/product_cat?post=4062757"},{"taxonomy":"product_tag","embeddable":true,"href":"https:\/\/streetmarkets.fr\/app\/wp-json\/wp\/v2\/product_tag?post=4062757"}],"curies":[{"name":"wp","href":"https:\/\/api.w.org\/{rel}","templated":true}]}}