{"id":4062694,"date":"2026-05-02T01:13:10","date_gmt":"2026-05-01T23:13:10","guid":{"rendered":"https:\/\/streetmarkets.fr\/app\/produit\/pince-a-cheveux-meduse\/"},"modified":"2026-05-11T01:12:19","modified_gmt":"2026-05-10T23:12:19","slug":"pince-a-cheveux-meduse","status":"publish","type":"product","link":"https:\/\/streetmarkets.fr\/app\/produit\/pince-a-cheveux-meduse\/","title":{"rendered":"Pince \u00e0 cheveux M\u00e9duse"},"content":{"rendered":"<div class=\"rte-content\" id=\"product-description-short-41\">\n <a title=\"Collection Coucou Suzette\" href=\"\/collections\/coucou-suzette\"><strong>Collection Coucou Suzette<\/strong><\/a>\n<\/div>\n<div class=\"rte-content\">\n<br \/><strong><\/strong>\n<\/div>\n<div class=\"rte-content\">\n<strong><\/strong><\/p>\n<p>Une jolie pince \u00e0 cheveux m\u00e9duse \u00e0 la superbe texture holographique !<\/p>\n<p>Super graphique et pratique, elle agrippe ais\u00e9ment tous les cheveux de ses tentacules aux reflets iris\u00e9s. On est fan de cette mati\u00e8re aux airs magiques soulign\u00e9e d\u2019un joli liser\u00e9 violet intense. De quoi relever ses cheveux en un geste et les faire scintiller\u00a0!<\/p>\n<p>Composition : acrylique<\/p>\n<\/div>\n<div class=\"rte-content\">\n<div class=\"rte-content\" id=\"product-description-short-123\">\n<ul>\n<li><em>Chaque cr\u00e9ation est unique, la couleur peut varier l\u00e9g\u00e8rement selon le morceau d&#8217;ac\u00e9tate utilis\u00e9<\/em><\/li>\n<li><em>Type d\u2019attache :<span>\u00a0<\/span>dents en\u00a0acrylique<\/em><\/li>\n<li><em>Conseils d\u2019utilisation : \u00e9viter le contact avec l\u2019eau<\/em><\/li>\n<\/ul>\n<p>Dimensions : environ\u00a05,3 cm x 4,8 cm<\/p>\n<\/div>\n<\/div>\n","protected":false},"excerpt":{"rendered":"<p>Collection Coucou Suzette Une jolie pince \u00e0 cheveux m\u00e9duse \u00e0 la superbe texture holographique ! Super graphique et pratique, elle agrippe ais\u00e9ment tous les cheveux de ses tentacules aux reflets iris\u00e9s. On est fan de cette mati\u00e8re aux airs magiques soulign\u00e9e d\u2019un joli liser\u00e9 violet intense. De quoi relever ses cheveux en un geste et [&hellip;]<\/p>\n","protected":false},"featured_media":4062695,"comment_status":"open","ping_status":"closed","template":"","meta":[],"product_brand":[],"product_cat":[],"product_tag":[],"acf":[],"_links":{"self":[{"href":"https:\/\/streetmarkets.fr\/app\/wp-json\/wp\/v2\/product\/4062694"}],"collection":[{"href":"https:\/\/streetmarkets.fr\/app\/wp-json\/wp\/v2\/product"}],"about":[{"href":"https:\/\/streetmarkets.fr\/app\/wp-json\/wp\/v2\/types\/product"}],"replies":[{"embeddable":true,"href":"https:\/\/streetmarkets.fr\/app\/wp-json\/wp\/v2\/comments?post=4062694"}],"wp:featuredmedia":[{"embeddable":true,"href":"https:\/\/streetmarkets.fr\/app\/wp-json\/wp\/v2\/media\/4062695"}],"wp:attachment":[{"href":"https:\/\/streetmarkets.fr\/app\/wp-json\/wp\/v2\/media?parent=4062694"}],"wp:term":[{"taxonomy":"product_brand","embeddable":true,"href":"https:\/\/streetmarkets.fr\/app\/wp-json\/wp\/v2\/product_brand?post=4062694"},{"taxonomy":"product_cat","embeddable":true,"href":"https:\/\/streetmarkets.fr\/app\/wp-json\/wp\/v2\/product_cat?post=4062694"},{"taxonomy":"product_tag","embeddable":true,"href":"https:\/\/streetmarkets.fr\/app\/wp-json\/wp\/v2\/product_tag?post=4062694"}],"curies":[{"name":"wp","href":"https:\/\/api.w.org\/{rel}","templated":true}]}}