{"id":4062615,"date":"2026-05-02T01:13:07","date_gmt":"2026-05-01T23:13:07","guid":{"rendered":"https:\/\/streetmarkets.fr\/app\/produit\/pochette-barbette-ete-2023\/"},"modified":"2026-05-06T01:12:41","modified_gmt":"2026-05-05T23:12:41","slug":"pochette-barbette-ete-2023","status":"publish","type":"product","link":"https:\/\/streetmarkets.fr\/app\/produit\/pochette-barbette-ete-2023\/","title":{"rendered":"Pochette Barbette &#8211; \u00c9t\u00e9 2023"},"content":{"rendered":"<p class=\"p1\"><a title=\"Collection Rive Droite Paris\" href=\"\/collections\/rive-droite-paris\"><strong>Collection Rive Droite Paris<\/strong><\/a><\/p>\n<p><em data-mce-fragment=\"1\">Rising Sun\u00a0<\/em><span class=\"font51\" data-mce-fragment=\"1\">c&#8217;est le nom de\u00a0la nouvelle collection Spring Summer Rive Droite enti\u00e8rement inspir\u00e9e par les vibes des ann\u00e9es 70 !<\/span><\/p>\n<div style=\"text-align: left\" data-mce-fragment=\"1\" data-mce-style=\"text-align: left;\"><span class=\"font51\" data-mce-fragment=\"1\">Cette collection est avant tout un hymne \u00e0 la couleur avec 4 nouveaux coloris tr\u00e8s joyeux qui portent chacun le nom d&#8217;une chanson mythique de l&#8217;\u00e9poque<span class=\"aax\" data-mce-fragment=\"1\">\u00a0<span data-mce-fragment=\"1\">\u00a0<\/span><\/span>&#8220;<em data-mce-fragment=\"1\">Green Rivers of Babylon<\/em>&#8220;, &#8220;<em data-mce-fragment=\"1\">Yellow Here Comes the Sun<\/em>&#8221; , &#8220;<em data-mce-fragment=\"1\">Beige Dust in the Wind<\/em>&#8221; et &#8220;<em data-mce-fragment=\"1\">Red Born to be Alive<\/em>&#8220;.<br data-mce-fragment=\"1\">Vous allez adorer ses doublures imprim\u00e9es aux motifs<span data-mce-fragment=\"1\">\u00a0<\/span><em data-mce-fragment=\"1\">Flower Power<\/em><span data-mce-fragment=\"1\">\u00a0<\/span>qui refl\u00e8tent l\u2019effervescence boh\u00e8me de cette d\u00e9cennie !<\/span><\/div>\n<div style=\"text-align: left\" data-mce-fragment=\"1\" data-mce-style=\"text-align: left;\">\n<span class=\"font51\" data-mce-fragment=\"1\"><\/span>\n<\/div>\n<p><span data-mce-fragment=\"1\">Barbette la pochette c&#8217;est l&#8217;accessoire feel good qui accessoirisera toutes vos tenues ! Elle se glissera dans votre sac \u00e0 main ou votre sac week-end pour ranger vos indispensables de voyage, et m\u00eame dans votre valise pour y ranger vos dessous. <\/span><\/p>\n<ul>\n<li>\n<strong>Composition<\/strong><span>\u00a0<\/span>:<span>\u00a0<\/span><span data-mce-fragment=\"1\">Coton recycl\u00e9.<\/span>\n<\/li>\n<li>\n<span><strong>Emballage :\u00a0<\/strong><\/span>Ce produit est emball\u00e9 avec soin dans un pochon en coton r\u00e9utilisable avec un lien coulissant.<\/li>\n<li>\n<strong>Doublure<\/strong><span>\u00a0<\/span>: <span>\u00a0<\/span><span data-mce-fragment=\"1\">\u00a0100% polycoton upcycl\u00e9 issu de fins de stocks de tissus de l&#8217;industrie textile. Doublures fleuries.\u00a0<\/span><span>\u00a0<\/span>\u00a0 \u00a0 \u00a0<\/li>\n<li>\n<strong>Dimensions<\/strong><span>\u00a0<\/span>: <span data-mce-fragment=\"1\"> H19 x L28 cm<\/span>\n<\/li>\n<li>\n<strong>Conseils d&#8217;entretien<\/strong><span>\u00a0<\/span>: Lavage seul en machine \u00e0 froid, programme fragile.\u00a0<\/li>\n<\/ul>\n","protected":false},"excerpt":{"rendered":"<p>Collection Rive Droite Paris Rising Sun\u00a0c&#8217;est le nom de\u00a0la nouvelle collection Spring Summer Rive Droite enti\u00e8rement inspir\u00e9e par les vibes des ann\u00e9es 70 ! Cette collection est avant tout un hymne \u00e0 la couleur avec 4 nouveaux coloris tr\u00e8s joyeux qui portent chacun le nom d&#8217;une chanson mythique de l&#8217;\u00e9poque\u00a0\u00a0&#8220;Green Rivers of Babylon&#8220;, &#8220;Yellow Here [&hellip;]<\/p>\n","protected":false},"featured_media":4062616,"comment_status":"open","ping_status":"closed","template":"","meta":[],"product_brand":[],"product_cat":[],"product_tag":[],"acf":[],"_links":{"self":[{"href":"https:\/\/streetmarkets.fr\/app\/wp-json\/wp\/v2\/product\/4062615"}],"collection":[{"href":"https:\/\/streetmarkets.fr\/app\/wp-json\/wp\/v2\/product"}],"about":[{"href":"https:\/\/streetmarkets.fr\/app\/wp-json\/wp\/v2\/types\/product"}],"replies":[{"embeddable":true,"href":"https:\/\/streetmarkets.fr\/app\/wp-json\/wp\/v2\/comments?post=4062615"}],"wp:featuredmedia":[{"embeddable":true,"href":"https:\/\/streetmarkets.fr\/app\/wp-json\/wp\/v2\/media\/4062616"}],"wp:attachment":[{"href":"https:\/\/streetmarkets.fr\/app\/wp-json\/wp\/v2\/media?parent=4062615"}],"wp:term":[{"taxonomy":"product_brand","embeddable":true,"href":"https:\/\/streetmarkets.fr\/app\/wp-json\/wp\/v2\/product_brand?post=4062615"},{"taxonomy":"product_cat","embeddable":true,"href":"https:\/\/streetmarkets.fr\/app\/wp-json\/wp\/v2\/product_cat?post=4062615"},{"taxonomy":"product_tag","embeddable":true,"href":"https:\/\/streetmarkets.fr\/app\/wp-json\/wp\/v2\/product_tag?post=4062615"}],"curies":[{"name":"wp","href":"https:\/\/api.w.org\/{rel}","templated":true}]}}