{"id":4062522,"date":"2026-05-02T01:13:01","date_gmt":"2026-05-01T23:13:01","guid":{"rendered":"https:\/\/streetmarkets.fr\/app\/produit\/chaussettes-tea-time\/"},"modified":"2026-05-13T01:13:46","modified_gmt":"2026-05-12T23:13:46","slug":"chaussettes-tea-time","status":"publish","type":"product","link":"https:\/\/streetmarkets.fr\/app\/produit\/chaussettes-tea-time\/","title":{"rendered":"Chaussettes Tea Time"},"content":{"rendered":"<p class=\"p1\"><a href=\"\/collections\/coucou-suzette\" title=\"Collection Coucou Suzette\"><strong>Collection Coucou Suzette<\/strong><\/a><\/p>\n<p dir=\"ltr\"><span data-mce-fragment=\"1\">Que serait l\u2019entr\u00e9e dans l\u2019hiver sans une paire de chaussettes douillettes ambiance Tea Time ? On craque pour ce mod\u00e8le d\u00e9pareill\u00e9 avec d\u2019un c\u00f4t\u00e9 des biscuits dignes de ceux qu\u2019on trouvait dans les bo\u00eetes en m\u00e9tal de nos mamies, et de l\u2019autre de mignonnes petites tisanes en train d\u2019infuser (on soup\u00e7onne une \u201cnuit tranquille\u201d&#8230;). Le tout sur un joli fond rose pour combattre le temps maussade et la grisaille.<\/span><\/p>\n<p dir=\"ltr\">Des chaussettes en coton italien certifi\u00e9 OEKO-TEX\u00ae, fabriqu\u00e9es en France, taille unique (convient du 35 au 44).<\/p>\n<p dir=\"ltr\"><span>Coton certifi\u00e9 Oeko-Tex 72%, Polyamide 27%, Elasthanne 1%<\/span><\/p>\n","protected":false},"excerpt":{"rendered":"<p>Collection Coucou Suzette Que serait l\u2019entr\u00e9e dans l\u2019hiver sans une paire de chaussettes douillettes ambiance Tea Time ? On craque pour ce mod\u00e8le d\u00e9pareill\u00e9 avec d\u2019un c\u00f4t\u00e9 des biscuits dignes de ceux qu\u2019on trouvait dans les bo\u00eetes en m\u00e9tal de nos mamies, et de l\u2019autre de mignonnes petites tisanes en train d\u2019infuser (on soup\u00e7onne une [&hellip;]<\/p>\n","protected":false},"featured_media":4062523,"comment_status":"open","ping_status":"closed","template":"","meta":[],"product_brand":[],"product_cat":[],"product_tag":[],"acf":[],"_links":{"self":[{"href":"https:\/\/streetmarkets.fr\/app\/wp-json\/wp\/v2\/product\/4062522"}],"collection":[{"href":"https:\/\/streetmarkets.fr\/app\/wp-json\/wp\/v2\/product"}],"about":[{"href":"https:\/\/streetmarkets.fr\/app\/wp-json\/wp\/v2\/types\/product"}],"replies":[{"embeddable":true,"href":"https:\/\/streetmarkets.fr\/app\/wp-json\/wp\/v2\/comments?post=4062522"}],"wp:featuredmedia":[{"embeddable":true,"href":"https:\/\/streetmarkets.fr\/app\/wp-json\/wp\/v2\/media\/4062523"}],"wp:attachment":[{"href":"https:\/\/streetmarkets.fr\/app\/wp-json\/wp\/v2\/media?parent=4062522"}],"wp:term":[{"taxonomy":"product_brand","embeddable":true,"href":"https:\/\/streetmarkets.fr\/app\/wp-json\/wp\/v2\/product_brand?post=4062522"},{"taxonomy":"product_cat","embeddable":true,"href":"https:\/\/streetmarkets.fr\/app\/wp-json\/wp\/v2\/product_cat?post=4062522"},{"taxonomy":"product_tag","embeddable":true,"href":"https:\/\/streetmarkets.fr\/app\/wp-json\/wp\/v2\/product_tag?post=4062522"}],"curies":[{"name":"wp","href":"https:\/\/api.w.org\/{rel}","templated":true}]}}