{"id":4062464,"date":"2026-05-02T01:12:49","date_gmt":"2026-05-01T23:12:49","guid":{"rendered":"https:\/\/streetmarkets.fr\/app\/produit\/pince-a-cheveux-mesange\/"},"modified":"2026-05-16T01:12:01","modified_gmt":"2026-05-15T23:12:01","slug":"pince-a-cheveux-mesange","status":"publish","type":"product","link":"https:\/\/streetmarkets.fr\/app\/produit\/pince-a-cheveux-mesange\/","title":{"rendered":"Pince \u00e0 cheveux M\u00e9sange"},"content":{"rendered":"<div id=\"product-description-short-41\" class=\"rte-content\">\n <a href=\"\/collections\/coucou-suzette\" title=\"Collection Coucou Suzette\"><strong>Collection Coucou Suzette<\/strong><\/a>\n<\/div>\n<div class=\"rte-content\"><strong><\/strong><\/div>\n<div class=\"rte-content\"><strong><\/strong><\/div>\n<div class=\"rte-content\">\n<div id=\"product-description-short-123\" class=\"rte-content\">\n<p>\u00a0<\/p>\n<p><span data-mce-fragment=\"1\">On fond litt\u00e9ralement pour cette jolie m\u00e9sange qui semble tout droit sortie d\u2019un dessin anim\u00e9 ! Une pince \u00e0 cheveux originale aux couleurs \u00e9clatantes : jaune vif, bleu turquoise, touches de blanc &amp; de noir et d\u00e9tails dor\u00e9s. Cet oiseau nous fait craquer avec son petit ventre rond qui trouvera parfaitement sa place dans nos cheveux pour surveiller notre bun ou demi-queue.<\/span><\/p>\n<p><span>Pince\u00a0\u00e0 cheveux kitsch et rigolote faite \u00e0 partir d\u2019Ac\u00e9tate de Cellulose recycl\u00e9e &amp; biod\u00e9gradable (Eco-Friendly).<\/span><\/p>\n<p>Dimensions : environ 8 cm x 4 cm<\/p>\n<\/div>\n<\/div>\n","protected":false},"excerpt":{"rendered":"<p>Collection Coucou Suzette \u00a0 On fond litt\u00e9ralement pour cette jolie m\u00e9sange qui semble tout droit sortie d\u2019un dessin anim\u00e9 ! Une pince \u00e0 cheveux originale aux couleurs \u00e9clatantes : jaune vif, bleu turquoise, touches de blanc &amp; de noir et d\u00e9tails dor\u00e9s. Cet oiseau nous fait craquer avec son petit ventre rond qui trouvera parfaitement [&hellip;]<\/p>\n","protected":false},"featured_media":4062465,"comment_status":"open","ping_status":"closed","template":"","meta":[],"product_brand":[],"product_cat":[],"product_tag":[],"acf":[],"_links":{"self":[{"href":"https:\/\/streetmarkets.fr\/app\/wp-json\/wp\/v2\/product\/4062464"}],"collection":[{"href":"https:\/\/streetmarkets.fr\/app\/wp-json\/wp\/v2\/product"}],"about":[{"href":"https:\/\/streetmarkets.fr\/app\/wp-json\/wp\/v2\/types\/product"}],"replies":[{"embeddable":true,"href":"https:\/\/streetmarkets.fr\/app\/wp-json\/wp\/v2\/comments?post=4062464"}],"wp:featuredmedia":[{"embeddable":true,"href":"https:\/\/streetmarkets.fr\/app\/wp-json\/wp\/v2\/media\/4062465"}],"wp:attachment":[{"href":"https:\/\/streetmarkets.fr\/app\/wp-json\/wp\/v2\/media?parent=4062464"}],"wp:term":[{"taxonomy":"product_brand","embeddable":true,"href":"https:\/\/streetmarkets.fr\/app\/wp-json\/wp\/v2\/product_brand?post=4062464"},{"taxonomy":"product_cat","embeddable":true,"href":"https:\/\/streetmarkets.fr\/app\/wp-json\/wp\/v2\/product_cat?post=4062464"},{"taxonomy":"product_tag","embeddable":true,"href":"https:\/\/streetmarkets.fr\/app\/wp-json\/wp\/v2\/product_tag?post=4062464"}],"curies":[{"name":"wp","href":"https:\/\/api.w.org\/{rel}","templated":true}]}}