{"id":4062444,"date":"2026-05-02T01:12:47","date_gmt":"2026-05-01T23:12:47","guid":{"rendered":"https:\/\/streetmarkets.fr\/app\/produit\/mini-pince-a-cheveux-mesange\/"},"modified":"2026-05-09T01:12:00","modified_gmt":"2026-05-08T23:12:00","slug":"mini-pince-a-cheveux-mesange","status":"publish","type":"product","link":"https:\/\/streetmarkets.fr\/app\/produit\/mini-pince-a-cheveux-mesange\/","title":{"rendered":"Mini-pince \u00e0 cheveux M\u00e9sange"},"content":{"rendered":"<div id=\"product-description-short-41\" class=\"rte-content\">\n <a href=\"\/collections\/coucou-suzette\" title=\"Collection Coucou Suzette\"><strong>Collection Coucou Suzette<\/strong><\/a>\n<\/div>\n<div class=\"rte-content\"><strong><\/strong><\/div>\n<div class=\"rte-content\"><strong><\/strong><\/div>\n<div class=\"rte-content\">\n<div id=\"product-description-short-123\" class=\"rte-content\">\n<p>\u00a0<\/p>\n<p><span data-mce-fragment=\"1\">Une mini pince \u00e0 cheveux iris\u00e9e en forme d\u2019adorable petite m\u00e9sange. On craque pour ce mini oiseau color\u00e9 au bidon dodu qui semble tout droit sorti de nos dessins anim\u00e9s pr\u00e9f\u00e9r\u00e9s. Un petit accessoire jaune et turquoise \u00e0 clipser dans ses m\u00e8ches \u00e0 volont\u00e9 !<\/span><\/p>\n<p>Dimensions : environ 4 cm x 3,2 cm<\/p>\n<p><span>Acetate de Cellulose Recycl\u00e9e &amp; Biod\u00e9gradable (Eco-Friendly)<\/span><\/p>\n<\/div>\n<\/div>\n","protected":false},"excerpt":{"rendered":"<p>Collection Coucou Suzette \u00a0 Une mini pince \u00e0 cheveux iris\u00e9e en forme d\u2019adorable petite m\u00e9sange. On craque pour ce mini oiseau color\u00e9 au bidon dodu qui semble tout droit sorti de nos dessins anim\u00e9s pr\u00e9f\u00e9r\u00e9s. Un petit accessoire jaune et turquoise \u00e0 clipser dans ses m\u00e8ches \u00e0 volont\u00e9 ! Dimensions : environ 4 cm x [&hellip;]<\/p>\n","protected":false},"featured_media":4062445,"comment_status":"open","ping_status":"closed","template":"","meta":[],"product_brand":[],"product_cat":[],"product_tag":[],"acf":[],"_links":{"self":[{"href":"https:\/\/streetmarkets.fr\/app\/wp-json\/wp\/v2\/product\/4062444"}],"collection":[{"href":"https:\/\/streetmarkets.fr\/app\/wp-json\/wp\/v2\/product"}],"about":[{"href":"https:\/\/streetmarkets.fr\/app\/wp-json\/wp\/v2\/types\/product"}],"replies":[{"embeddable":true,"href":"https:\/\/streetmarkets.fr\/app\/wp-json\/wp\/v2\/comments?post=4062444"}],"wp:featuredmedia":[{"embeddable":true,"href":"https:\/\/streetmarkets.fr\/app\/wp-json\/wp\/v2\/media\/4062445"}],"wp:attachment":[{"href":"https:\/\/streetmarkets.fr\/app\/wp-json\/wp\/v2\/media?parent=4062444"}],"wp:term":[{"taxonomy":"product_brand","embeddable":true,"href":"https:\/\/streetmarkets.fr\/app\/wp-json\/wp\/v2\/product_brand?post=4062444"},{"taxonomy":"product_cat","embeddable":true,"href":"https:\/\/streetmarkets.fr\/app\/wp-json\/wp\/v2\/product_cat?post=4062444"},{"taxonomy":"product_tag","embeddable":true,"href":"https:\/\/streetmarkets.fr\/app\/wp-json\/wp\/v2\/product_tag?post=4062444"}],"curies":[{"name":"wp","href":"https:\/\/api.w.org\/{rel}","templated":true}]}}