{"id":4062369,"date":"2026-05-02T01:12:44","date_gmt":"2026-05-01T23:12:44","guid":{"rendered":"https:\/\/streetmarkets.fr\/app\/produit\/sac-banane-custine-leopard\/"},"modified":"2026-05-11T01:12:08","modified_gmt":"2026-05-10T23:12:08","slug":"sac-banane-custine-leopard","status":"publish","type":"product","link":"https:\/\/streetmarkets.fr\/app\/produit\/sac-banane-custine-leopard\/","title":{"rendered":"Sac Banane Custine L\u00e9opard"},"content":{"rendered":"<p class=\"p1\"><a href=\"\/collections\/rive-droite-paris\" title=\"Collection Rive Droite Paris\"><strong>Collection Rive Droite Paris<\/strong><\/a><\/p>\n<p>Pour la 1\u00e8re fois chez Rive Droite, l&#8217;imprim\u00e9 prend le dessus avec la collection Wild Tribe, une collection sauvage d\u00e9clin\u00e9e en 2 motifs, L\u00e9opard et Z\u00e8bre, tous deux r\u00e9alis\u00e9s par l&#8217;artiste fran\u00e7aise Natacha Paschal. <\/p>\n<p>D\u00e9couvrez d\u00e8s \u00e0 pr\u00e9sent les iconiques Rivedroite dans leur version Wild : des essentiels qui donneront le twist parfait \u00e0 tous vos looks de rentr\u00e9e.<\/p>\n<p>La Banane Custine a un grand compartiment principal dans lequel vous pourrez ranger tous vos indispensables : cl\u00e9s, portefeuille, t\u00e9l\u00e9phone, make-up etc.<br \/>Sa anse s&#8217;ajuste facilement pour pouvoir le porter en bandouli\u00e8re ou \u00e0 la taille selon les envies.<\/p>\n<p class=\"p1\"><span data-mce-fragment=\"1\">Les doublures de cette collection sont unies de couleur noires et toujours issues de fins de stocks de tissus de l&#8217;industrie textile.<\/span><\/p>\n<ul data-mce-fragment=\"1\">\n<li data-mce-fragment=\"1\">\n<strong data-mce-fragment=\"1\">Composition<\/strong><span data-mce-fragment=\"1\">\u00a0<\/span>:<span data-mce-fragment=\"1\">\u00a0<\/span><span data-mce-fragment=\"1\">Coton recycl\u00e9 &#8211; 84% Coton &amp; 16% Polyester<\/span>\n<\/li>\n<li data-mce-fragment=\"1\">\n<span data-mce-fragment=\"1\"><strong data-mce-fragment=\"1\">Emballage :\u00a0<\/strong><\/span>Ce produit est emball\u00e9 avec soin dans un pochon en coton r\u00e9utilisable avec un lien coulissant<\/li>\n<li data-mce-fragment=\"1\">\n<strong data-mce-fragment=\"1\">Doublure<\/strong><span data-mce-fragment=\"1\">\u00a0<\/span>: 100% polycoton upcycl\u00e9\u00a0issu de fins de stocks de tissus de l&#8217;industrie textile. Doublures unies, de la couleur ext\u00e9rieure du sac.\u00a0 \u00a0\u00a0<\/li>\n<li data-mce-fragment=\"1\">\n<strong data-mce-fragment=\"1\">Dimensions<\/strong><span data-mce-fragment=\"1\">\u00a0<\/span>:<span data-mce-fragment=\"1\">\u00a0<\/span><span data-mce-fragment=\"1\">L25 x H17 x P6cm. Tour de taille maximum 112cm. Tour de taille minimum 62cm.<\/span>\n<\/li>\n<li data-mce-fragment=\"1\">\n<strong data-mce-fragment=\"1\">Conseils d&#8217;entretien<\/strong><span data-mce-fragment=\"1\">\u00a0<\/span>:\u00a0 <span data-mce-fragment=\"1\">Lavage \u00e0 sec uniquement. Repasser sur l&#8217;envers.<\/span>\n<\/li>\n<\/ul>\n","protected":false},"excerpt":{"rendered":"<p>Collection Rive Droite Paris Pour la 1\u00e8re fois chez Rive Droite, l&#8217;imprim\u00e9 prend le dessus avec la collection Wild Tribe, une collection sauvage d\u00e9clin\u00e9e en 2 motifs, L\u00e9opard et Z\u00e8bre, tous deux r\u00e9alis\u00e9s par l&#8217;artiste fran\u00e7aise Natacha Paschal. D\u00e9couvrez d\u00e8s \u00e0 pr\u00e9sent les iconiques Rivedroite dans leur version Wild : des essentiels qui donneront le [&hellip;]<\/p>\n","protected":false},"featured_media":4062370,"comment_status":"open","ping_status":"closed","template":"","meta":[],"product_brand":[],"product_cat":[],"product_tag":[],"acf":[],"_links":{"self":[{"href":"https:\/\/streetmarkets.fr\/app\/wp-json\/wp\/v2\/product\/4062369"}],"collection":[{"href":"https:\/\/streetmarkets.fr\/app\/wp-json\/wp\/v2\/product"}],"about":[{"href":"https:\/\/streetmarkets.fr\/app\/wp-json\/wp\/v2\/types\/product"}],"replies":[{"embeddable":true,"href":"https:\/\/streetmarkets.fr\/app\/wp-json\/wp\/v2\/comments?post=4062369"}],"wp:featuredmedia":[{"embeddable":true,"href":"https:\/\/streetmarkets.fr\/app\/wp-json\/wp\/v2\/media\/4062370"}],"wp:attachment":[{"href":"https:\/\/streetmarkets.fr\/app\/wp-json\/wp\/v2\/media?parent=4062369"}],"wp:term":[{"taxonomy":"product_brand","embeddable":true,"href":"https:\/\/streetmarkets.fr\/app\/wp-json\/wp\/v2\/product_brand?post=4062369"},{"taxonomy":"product_cat","embeddable":true,"href":"https:\/\/streetmarkets.fr\/app\/wp-json\/wp\/v2\/product_cat?post=4062369"},{"taxonomy":"product_tag","embeddable":true,"href":"https:\/\/streetmarkets.fr\/app\/wp-json\/wp\/v2\/product_tag?post=4062369"}],"curies":[{"name":"wp","href":"https:\/\/api.w.org\/{rel}","templated":true}]}}