{"id":4062172,"date":"2026-05-02T01:12:27","date_gmt":"2026-05-01T23:12:27","guid":{"rendered":"https:\/\/streetmarkets.fr\/app\/produit\/barrette-banane\/"},"modified":"2026-05-06T01:12:17","modified_gmt":"2026-05-05T23:12:17","slug":"barrette-banane","status":"publish","type":"product","link":"https:\/\/streetmarkets.fr\/app\/produit\/barrette-banane\/","title":{"rendered":"Barrette Banane"},"content":{"rendered":"<div id=\"product-description-short-41\" class=\"rte-content\"><strong><a href=\"\/collections\/coucou-suzette\" title=\"Collection Coucou Suzette\">Collection Coucou Suzette<\/a><\/strong><\/div>\n<div class=\"rte-content\"><strong><\/strong><\/div>\n<div class=\"rte-content\"><strong><\/strong><\/div>\n<div class=\"rte-content\">\n<p data-mce-fragment=\"1\"><span>Oh ! Voici une bien mignonne et originale petite barrette \u00e0 cheveux en forme de banane ! On craque pour sa mini \u00e9tiquette bleue Coucou Suzette et sa mati\u00e8re en ac\u00e9tate de cellulose aussi glamour que pop qui donne mille reflets \u00e0 son jaune \u00e9clatant. La dose de potassium et de couleur qui manquait \u00e0 notre outlook of the day !<\/span><\/p>\n<p data-mce-fragment=\"1\">On vous laisse trancher pour savoir si vous la prenez pour vous ou pour le.la petit.e dernier.e de la famille, dans tous les cas on risque de lui piquer !<\/p>\n<p><span><\/span>Cette barrette est faite \u00e0 partir d&#8217;Acetate de Cellulose recycl\u00e9e &amp; biod\u00e9gradable (Eco-Friendly).<\/p>\n<\/div>\n<div class=\"rte-content\">\n<div id=\"product-description-short-123\" class=\"rte-content\">\n<p>Dimensions : environ 4,5 cm x 1,4 cm<\/p>\n<\/div>\n<\/div>\n","protected":false},"excerpt":{"rendered":"<p>Collection Coucou Suzette Oh ! Voici une bien mignonne et originale petite barrette \u00e0 cheveux en forme de banane ! On craque pour sa mini \u00e9tiquette bleue Coucou Suzette et sa mati\u00e8re en ac\u00e9tate de cellulose aussi glamour que pop qui donne mille reflets \u00e0 son jaune \u00e9clatant. La dose de potassium et de couleur [&hellip;]<\/p>\n","protected":false},"featured_media":4062173,"comment_status":"open","ping_status":"closed","template":"","meta":[],"product_brand":[],"product_cat":[],"product_tag":[],"acf":[],"_links":{"self":[{"href":"https:\/\/streetmarkets.fr\/app\/wp-json\/wp\/v2\/product\/4062172"}],"collection":[{"href":"https:\/\/streetmarkets.fr\/app\/wp-json\/wp\/v2\/product"}],"about":[{"href":"https:\/\/streetmarkets.fr\/app\/wp-json\/wp\/v2\/types\/product"}],"replies":[{"embeddable":true,"href":"https:\/\/streetmarkets.fr\/app\/wp-json\/wp\/v2\/comments?post=4062172"}],"wp:featuredmedia":[{"embeddable":true,"href":"https:\/\/streetmarkets.fr\/app\/wp-json\/wp\/v2\/media\/4062173"}],"wp:attachment":[{"href":"https:\/\/streetmarkets.fr\/app\/wp-json\/wp\/v2\/media?parent=4062172"}],"wp:term":[{"taxonomy":"product_brand","embeddable":true,"href":"https:\/\/streetmarkets.fr\/app\/wp-json\/wp\/v2\/product_brand?post=4062172"},{"taxonomy":"product_cat","embeddable":true,"href":"https:\/\/streetmarkets.fr\/app\/wp-json\/wp\/v2\/product_cat?post=4062172"},{"taxonomy":"product_tag","embeddable":true,"href":"https:\/\/streetmarkets.fr\/app\/wp-json\/wp\/v2\/product_tag?post=4062172"}],"curies":[{"name":"wp","href":"https:\/\/api.w.org\/{rel}","templated":true}]}}