{"id":4061187,"date":"2026-05-02T00:50:18","date_gmt":"2026-05-01T22:50:18","guid":{"rendered":"https:\/\/streetmarkets.fr\/app\/produit\/assos-maillot-femme-uma-gt-s11-evo-almond-milk\/"},"modified":"2026-05-09T00:50:34","modified_gmt":"2026-05-08T22:50:34","slug":"assos-maillot-femme-uma-gt-s11-evo-almond-milk","status":"publish","type":"product","link":"https:\/\/streetmarkets.fr\/app\/produit\/assos-maillot-femme-uma-gt-s11-evo-almond-milk\/","title":{"rendered":"Assos Maillot Femme Uma GT S11 Evo Almond Milk"},"content":{"rendered":"<p data-start=\"256\" data-end=\"734\">Le Assos Maillot Femme Uma GT S11 Evo Almond Milk s\u2019impose comme un essentiel du quotidien, pens\u00e9 pour offrir fra\u00eecheur, respirabilit\u00e9 et praticit\u00e9 \u00e0 chaque sortie, quelle que soit la saison. Son tissu principal AirCell, d\u00e9j\u00e0 \u00e9prouv\u00e9 sur la g\u00e9n\u00e9ration pr\u00e9c\u00e9dente, est associ\u00e9 \u00e0 de nouvelles manches en Eclipse : un textile ultra l\u00e9ger et tr\u00e8s extensible qui \u00e9pouse les bras avec douceur tout en procurant une sensation de fra\u00eecheur.<\/p>\n<p data-start=\"511\" data-end=\"941\">Sa construction de poches simplifi\u00e9e conserve le syst\u00e8me cargo s\u00e9curis\u00e9 embl\u00e9matique, tout en adoptant des lignes plus \u00e9pur\u00e9es et des coutures r\u00e9duites pour un confort optimal. Avec sa nouvelle palette de couleurs et son logo ASSOS revisit\u00e9, inspir\u00e9 de la s\u00e9rie Racing, ce mod\u00e8le allie modernit\u00e9 et performance. Extr\u00eamement l\u00e9ger, il est recommand\u00e9 d\u2019appliquer une protection solaire sous le maillot lors des sorties ensoleill\u00e9es.<\/p>\n","protected":false},"excerpt":{"rendered":"<p>Le Assos Maillot Femme Uma GT S11 Evo Almond Milk s\u2019impose comme un essentiel du quotidien, pens\u00e9 pour offrir fra\u00eecheur, respirabilit\u00e9 et praticit\u00e9 \u00e0 chaque sortie, quelle que soit la saison. Son tissu principal AirCell, d\u00e9j\u00e0 \u00e9prouv\u00e9 sur la g\u00e9n\u00e9ration pr\u00e9c\u00e9dente, est associ\u00e9 \u00e0 de nouvelles manches en Eclipse : un textile ultra l\u00e9ger et [&hellip;]<\/p>\n","protected":false},"featured_media":4061188,"comment_status":"open","ping_status":"closed","template":"","meta":[],"product_brand":[],"product_cat":[],"product_tag":[],"acf":[],"_links":{"self":[{"href":"https:\/\/streetmarkets.fr\/app\/wp-json\/wp\/v2\/product\/4061187"}],"collection":[{"href":"https:\/\/streetmarkets.fr\/app\/wp-json\/wp\/v2\/product"}],"about":[{"href":"https:\/\/streetmarkets.fr\/app\/wp-json\/wp\/v2\/types\/product"}],"replies":[{"embeddable":true,"href":"https:\/\/streetmarkets.fr\/app\/wp-json\/wp\/v2\/comments?post=4061187"}],"wp:featuredmedia":[{"embeddable":true,"href":"https:\/\/streetmarkets.fr\/app\/wp-json\/wp\/v2\/media\/4061188"}],"wp:attachment":[{"href":"https:\/\/streetmarkets.fr\/app\/wp-json\/wp\/v2\/media?parent=4061187"}],"wp:term":[{"taxonomy":"product_brand","embeddable":true,"href":"https:\/\/streetmarkets.fr\/app\/wp-json\/wp\/v2\/product_brand?post=4061187"},{"taxonomy":"product_cat","embeddable":true,"href":"https:\/\/streetmarkets.fr\/app\/wp-json\/wp\/v2\/product_cat?post=4061187"},{"taxonomy":"product_tag","embeddable":true,"href":"https:\/\/streetmarkets.fr\/app\/wp-json\/wp\/v2\/product_tag?post=4061187"}],"curies":[{"name":"wp","href":"https:\/\/api.w.org\/{rel}","templated":true}]}}