{"id":4055180,"date":"2026-05-01T01:00:12","date_gmt":"2026-04-30T23:00:12","guid":{"rendered":"https:\/\/streetmarkets.fr\/app\/produit\/pince-coquelicot\/"},"modified":"2026-05-08T01:00:37","modified_gmt":"2026-05-07T23:00:37","slug":"pince-coquelicot","status":"publish","type":"product","link":"https:\/\/streetmarkets.fr\/app\/produit\/pince-coquelicot\/","title":{"rendered":"Pince Coquelicot"},"content":{"rendered":"<p data-start=\"77\" data-end=\"127\" class=\"\">Pince Coquelicot : La fleur qui ne fane jamais.<br \/>On fait \u00e9clore un vent de fra\u00eecheur dans notre chevelure avec cette pince \u00e0 cheveux en forme de coquelicot. En ac\u00e9tate rouge vif, elle capte la lumi\u00e8re, capte les regards et capte nos vibes estivales.<\/p>\n<p data-start=\"331\" data-end=\"431\" class=\"\">Parfaite pour dompter une m\u00e8che, sublimer un chignon flou ou accessoiriser un look un peu trop sage.<\/p>\n<p data-start=\"433\" data-end=\"660\" class=\"\">Pourquoi on est fan :<br data-start=\"458\" data-end=\"461\">\u2022 Forme coquelicot ultra graphique<br data-start=\"495\" data-end=\"498\">\u2022 Ac\u00e9tate rouge = effet waouh imm\u00e9diat<br data-start=\"536\" data-end=\"539\">\u2022 Un accessoire qui tient bien et qui en jette<br data-start=\"585\" data-end=\"588\">\u2022 Assez cool pour le quotidien, assez canon pour les grandes occasion<\/p>\n","protected":false},"excerpt":{"rendered":"<p>Pince Coquelicot : La fleur qui ne fane jamais.On fait \u00e9clore un vent de fra\u00eecheur dans notre chevelure avec cette pince \u00e0 cheveux en forme de coquelicot. En ac\u00e9tate rouge vif, elle capte la lumi\u00e8re, capte les regards et capte nos vibes estivales. Parfaite pour dompter une m\u00e8che, sublimer un chignon flou ou accessoiriser un [&hellip;]<\/p>\n","protected":false},"featured_media":4055181,"comment_status":"open","ping_status":"closed","template":"","meta":[],"product_brand":[],"product_cat":[],"product_tag":[],"acf":[],"_links":{"self":[{"href":"https:\/\/streetmarkets.fr\/app\/wp-json\/wp\/v2\/product\/4055180"}],"collection":[{"href":"https:\/\/streetmarkets.fr\/app\/wp-json\/wp\/v2\/product"}],"about":[{"href":"https:\/\/streetmarkets.fr\/app\/wp-json\/wp\/v2\/types\/product"}],"replies":[{"embeddable":true,"href":"https:\/\/streetmarkets.fr\/app\/wp-json\/wp\/v2\/comments?post=4055180"}],"wp:featuredmedia":[{"embeddable":true,"href":"https:\/\/streetmarkets.fr\/app\/wp-json\/wp\/v2\/media\/4055181"}],"wp:attachment":[{"href":"https:\/\/streetmarkets.fr\/app\/wp-json\/wp\/v2\/media?parent=4055180"}],"wp:term":[{"taxonomy":"product_brand","embeddable":true,"href":"https:\/\/streetmarkets.fr\/app\/wp-json\/wp\/v2\/product_brand?post=4055180"},{"taxonomy":"product_cat","embeddable":true,"href":"https:\/\/streetmarkets.fr\/app\/wp-json\/wp\/v2\/product_cat?post=4055180"},{"taxonomy":"product_tag","embeddable":true,"href":"https:\/\/streetmarkets.fr\/app\/wp-json\/wp\/v2\/product_tag?post=4055180"}],"curies":[{"name":"wp","href":"https:\/\/api.w.org\/{rel}","templated":true}]}}