{"id":4054513,"date":"2026-04-30T02:40:17","date_gmt":"2026-04-30T00:40:17","guid":{"rendered":"https:\/\/streetmarkets.fr\/app\/produit\/trench-leger-marron-hubble-252-w-soil\/"},"modified":"2026-05-12T02:45:28","modified_gmt":"2026-05-12T00:45:28","slug":"trench-leger-marron-hubble-252-w-soil","status":"publish","type":"product","link":"https:\/\/streetmarkets.fr\/app\/produit\/trench-leger-marron-hubble-252-w-soil\/","title":{"rendered":"Trench l\u00e9ger marron Hubble (252 \/ W \/ SOIL)"},"content":{"rendered":"<p>Veste courte et oversized, style trench, en marron clair.<\/p>\n<ul>\n<li>Coupe oversized : choisissez votre taille habituelle pour le look souhait\u00e9 ou une taille en dessous pour un style plus ajust\u00e9.<\/li>\n<li>Manches volumineux avec poignets \u00e0 sangles<\/li>\n<li>Col montant style motard<\/li>\n<li>Plis creux dans le dos<\/li>\n<li>Poches passepoil\u00e9es<\/li>\n<li>Tissu d\u00e9perlant<\/li>\n<\/ul>\n","protected":false},"excerpt":{"rendered":"<p>Veste courte et oversized, style trench, en marron clair. Coupe oversized : choisissez votre taille habituelle pour le look souhait\u00e9 ou une taille en dessous pour un style plus ajust\u00e9. Manches volumineux avec poignets \u00e0 sangles Col montant style motard Plis creux dans le dos Poches passepoil\u00e9es Tissu d\u00e9perlant<\/p>\n","protected":false},"featured_media":4124063,"comment_status":"open","ping_status":"closed","template":"","meta":[],"product_brand":[2529],"product_cat":[],"product_tag":[],"acf":[],"_links":{"self":[{"href":"https:\/\/streetmarkets.fr\/app\/wp-json\/wp\/v2\/product\/4054513"}],"collection":[{"href":"https:\/\/streetmarkets.fr\/app\/wp-json\/wp\/v2\/product"}],"about":[{"href":"https:\/\/streetmarkets.fr\/app\/wp-json\/wp\/v2\/types\/product"}],"replies":[{"embeddable":true,"href":"https:\/\/streetmarkets.fr\/app\/wp-json\/wp\/v2\/comments?post=4054513"}],"wp:featuredmedia":[{"embeddable":true,"href":"https:\/\/streetmarkets.fr\/app\/wp-json\/wp\/v2\/media\/4124063"}],"wp:attachment":[{"href":"https:\/\/streetmarkets.fr\/app\/wp-json\/wp\/v2\/media?parent=4054513"}],"wp:term":[{"taxonomy":"product_brand","embeddable":true,"href":"https:\/\/streetmarkets.fr\/app\/wp-json\/wp\/v2\/product_brand?post=4054513"},{"taxonomy":"product_cat","embeddable":true,"href":"https:\/\/streetmarkets.fr\/app\/wp-json\/wp\/v2\/product_cat?post=4054513"},{"taxonomy":"product_tag","embeddable":true,"href":"https:\/\/streetmarkets.fr\/app\/wp-json\/wp\/v2\/product_tag?post=4054513"}],"curies":[{"name":"wp","href":"https:\/\/api.w.org\/{rel}","templated":true}]}}