{"id":4054424,"date":"2026-04-30T02:40:09","date_gmt":"2026-04-30T00:40:09","guid":{"rendered":"https:\/\/streetmarkets.fr\/app\/produit\/chaussettes-courtes-cotelees-grises-bapis-252-w-h-grey\/"},"modified":"2026-05-16T02:46:06","modified_gmt":"2026-05-16T00:46:06","slug":"chaussettes-courtes-cotelees-grises-bapis-252-w-h-grey","status":"publish","type":"product","link":"https:\/\/streetmarkets.fr\/app\/produit\/chaussettes-courtes-cotelees-grises-bapis-252-w-h-grey\/","title":{"rendered":"Chaussettes courtes c\u00f4tel\u00e9es grises Bapis (252 \/ W \/ H. GREY)"},"content":{"rendered":"<p>Chaussettes courtes et c\u00f4tel\u00e9es gris chin\u00e9 avec une finition brillante.<\/p>\n<ul>\n<li>Chaussettes courtes<\/li>\n<li>Finition brillante<\/li>\n<li>C\u00f4tes fines<\/li>\n<li>Taille petit<\/li>\n<\/ul>\n","protected":false},"excerpt":{"rendered":"<p>Chaussettes courtes et c\u00f4tel\u00e9es gris chin\u00e9 avec une finition brillante. Chaussettes courtes Finition brillante C\u00f4tes fines Taille petit<\/p>\n","protected":false},"featured_media":4146360,"comment_status":"open","ping_status":"closed","template":"","meta":[],"product_brand":[2529],"product_cat":[],"product_tag":[],"acf":[],"_links":{"self":[{"href":"https:\/\/streetmarkets.fr\/app\/wp-json\/wp\/v2\/product\/4054424"}],"collection":[{"href":"https:\/\/streetmarkets.fr\/app\/wp-json\/wp\/v2\/product"}],"about":[{"href":"https:\/\/streetmarkets.fr\/app\/wp-json\/wp\/v2\/types\/product"}],"replies":[{"embeddable":true,"href":"https:\/\/streetmarkets.fr\/app\/wp-json\/wp\/v2\/comments?post=4054424"}],"wp:featuredmedia":[{"embeddable":true,"href":"https:\/\/streetmarkets.fr\/app\/wp-json\/wp\/v2\/media\/4146360"}],"wp:attachment":[{"href":"https:\/\/streetmarkets.fr\/app\/wp-json\/wp\/v2\/media?parent=4054424"}],"wp:term":[{"taxonomy":"product_brand","embeddable":true,"href":"https:\/\/streetmarkets.fr\/app\/wp-json\/wp\/v2\/product_brand?post=4054424"},{"taxonomy":"product_cat","embeddable":true,"href":"https:\/\/streetmarkets.fr\/app\/wp-json\/wp\/v2\/product_cat?post=4054424"},{"taxonomy":"product_tag","embeddable":true,"href":"https:\/\/streetmarkets.fr\/app\/wp-json\/wp\/v2\/product_tag?post=4054424"}],"curies":[{"name":"wp","href":"https:\/\/api.w.org\/{rel}","templated":true}]}}