{"id":4054382,"date":"2026-04-30T02:40:04","date_gmt":"2026-04-30T00:40:04","guid":{"rendered":"https:\/\/streetmarkets.fr\/app\/produit\/pull-col-rond-beige-datti-252-w-birch\/"},"modified":"2026-05-12T02:44:36","modified_gmt":"2026-05-12T00:44:36","slug":"pull-col-rond-beige-datti-252-w-birch","status":"publish","type":"product","link":"https:\/\/streetmarkets.fr\/app\/produit\/pull-col-rond-beige-datti-252-w-birch\/","title":{"rendered":"Pull col rond beige Datti (252 \/ W \/ BIRCH)"},"content":{"rendered":"<p>Pull \u00e0 col rond, manches longues et bords c\u00f4tes, en m\u00e9lange d&#8217;angora beige.<\/p>\n<ul>\n<li><b>Choisissez une taille au-dessus pour plus de confort.<\/b><\/li>\n<li>Coupe classique : coupe standard aux proportions \u00e9quilibr\u00e9es.<\/li>\n<li>Col rond<\/li>\n<li>Manches longues<\/li>\n<li>Bords c\u00f4tel\u00e9s<\/li>\n<li>Jauge moyenne, 1 fil<\/li>\n<\/ul>\n","protected":false},"excerpt":{"rendered":"<p>Pull \u00e0 col rond, manches longues et bords c\u00f4tes, en m\u00e9lange d&#8217;angora beige. Choisissez une taille au-dessus pour plus de confort. Coupe classique : coupe standard aux proportions \u00e9quilibr\u00e9es. Col rond Manches longues Bords c\u00f4tel\u00e9s Jauge moyenne, 1 fil<\/p>\n","protected":false},"featured_media":4123987,"comment_status":"open","ping_status":"closed","template":"","meta":[],"product_brand":[2529],"product_cat":[],"product_tag":[],"acf":[],"_links":{"self":[{"href":"https:\/\/streetmarkets.fr\/app\/wp-json\/wp\/v2\/product\/4054382"}],"collection":[{"href":"https:\/\/streetmarkets.fr\/app\/wp-json\/wp\/v2\/product"}],"about":[{"href":"https:\/\/streetmarkets.fr\/app\/wp-json\/wp\/v2\/types\/product"}],"replies":[{"embeddable":true,"href":"https:\/\/streetmarkets.fr\/app\/wp-json\/wp\/v2\/comments?post=4054382"}],"wp:featuredmedia":[{"embeddable":true,"href":"https:\/\/streetmarkets.fr\/app\/wp-json\/wp\/v2\/media\/4123987"}],"wp:attachment":[{"href":"https:\/\/streetmarkets.fr\/app\/wp-json\/wp\/v2\/media?parent=4054382"}],"wp:term":[{"taxonomy":"product_brand","embeddable":true,"href":"https:\/\/streetmarkets.fr\/app\/wp-json\/wp\/v2\/product_brand?post=4054382"},{"taxonomy":"product_cat","embeddable":true,"href":"https:\/\/streetmarkets.fr\/app\/wp-json\/wp\/v2\/product_cat?post=4054382"},{"taxonomy":"product_tag","embeddable":true,"href":"https:\/\/streetmarkets.fr\/app\/wp-json\/wp\/v2\/product_tag?post=4054382"}],"curies":[{"name":"wp","href":"https:\/\/api.w.org\/{rel}","templated":true}]}}