{"id":4053649,"date":"2026-04-30T02:38:38","date_gmt":"2026-04-30T00:38:38","guid":{"rendered":"https:\/\/streetmarkets.fr\/app\/produit\/chemise-ballon-cassy-261-w-dusk\/"},"modified":"2026-05-14T02:44:12","modified_gmt":"2026-05-14T00:44:12","slug":"chemise-ballon-cassy-261-w-dusk","status":"publish","type":"product","link":"https:\/\/streetmarkets.fr\/app\/produit\/chemise-ballon-cassy-261-w-dusk\/","title":{"rendered":"Chemise ballon Cassy (261 \/ W \/ DUSK)"},"content":{"rendered":"<p>Chemise boutonn\u00e9e rose clair \u00e0 manches ballon bouffantes.<\/p>\n<ul>\n<li>Col chemise classique<\/li>\n<li>\u00c9paules tombantes<\/li>\n<li>Manches ballon<\/li>\n<li>Patte de boutonnage cach\u00e9e sur le devant<\/li>\n<li>Couture \u00e0 l&#8217;empi\u00e8cement devant<\/li>\n<li>Couture empi\u00e8cement dos<\/li>\n<li>Dos raccourci<\/li>\n<li>100 % coton<\/li>\n<\/ul>\n","protected":false},"excerpt":{"rendered":"<p>Chemise boutonn\u00e9e rose clair \u00e0 manches ballon bouffantes. Col chemise classique \u00c9paules tombantes Manches ballon Patte de boutonnage cach\u00e9e sur le devant Couture \u00e0 l&#8217;empi\u00e8cement devant Couture empi\u00e8cement dos Dos raccourci 100 % coton<\/p>\n","protected":false},"featured_media":4135042,"comment_status":"open","ping_status":"closed","template":"","meta":[],"product_brand":[2529],"product_cat":[],"product_tag":[],"acf":[],"_links":{"self":[{"href":"https:\/\/streetmarkets.fr\/app\/wp-json\/wp\/v2\/product\/4053649"}],"collection":[{"href":"https:\/\/streetmarkets.fr\/app\/wp-json\/wp\/v2\/product"}],"about":[{"href":"https:\/\/streetmarkets.fr\/app\/wp-json\/wp\/v2\/types\/product"}],"replies":[{"embeddable":true,"href":"https:\/\/streetmarkets.fr\/app\/wp-json\/wp\/v2\/comments?post=4053649"}],"wp:featuredmedia":[{"embeddable":true,"href":"https:\/\/streetmarkets.fr\/app\/wp-json\/wp\/v2\/media\/4135042"}],"wp:attachment":[{"href":"https:\/\/streetmarkets.fr\/app\/wp-json\/wp\/v2\/media?parent=4053649"}],"wp:term":[{"taxonomy":"product_brand","embeddable":true,"href":"https:\/\/streetmarkets.fr\/app\/wp-json\/wp\/v2\/product_brand?post=4053649"},{"taxonomy":"product_cat","embeddable":true,"href":"https:\/\/streetmarkets.fr\/app\/wp-json\/wp\/v2\/product_cat?post=4053649"},{"taxonomy":"product_tag","embeddable":true,"href":"https:\/\/streetmarkets.fr\/app\/wp-json\/wp\/v2\/product_tag?post=4053649"}],"curies":[{"name":"wp","href":"https:\/\/api.w.org\/{rel}","templated":true}]}}