{"id":4053478,"date":"2026-04-30T02:38:12","date_gmt":"2026-04-30T00:38:12","guid":{"rendered":"https:\/\/streetmarkets.fr\/app\/produit\/jean-large-denim-n-62-261-w-white\/"},"modified":"2026-05-11T02:52:26","modified_gmt":"2026-05-11T00:52:26","slug":"jean-large-denim-n-62-261-w-white","status":"publish","type":"product","link":"https:\/\/streetmarkets.fr\/app\/produit\/jean-large-denim-n-62-261-w-white\/","title":{"rendered":"Jean Large &#8211; Denim N. 62 (261 \/ W \/ WHITE)"},"content":{"rendered":"<p>Jean taille haute et coupe large en denim de coton blanc.<\/p>\n<ul>\n<li><b>Choisissez une taille en dessous pour une coupe plus ajust\u00e9e et une taille plus haute.<\/b> Pour une longueur d&#8217;entrejambe plus courte, optez pour le Denim N. 61.<\/li>\n<li>Coupe classique : tombe naturellement sur les hanches, ni trop serr\u00e9 ni trop ample.<\/li>\n<li>Taille haute, jambes larges<\/li>\n<li>Denim non extensible, poids moyen<\/li>\n<li>Poches surpiqu\u00e9es<\/li>\n<li>Coutures contrast\u00e9es gris clair<\/li>\n<li>Fermeture \u00e0 glissi\u00e8re<\/li>\n<li>Longueur cheville<\/li>\n<li>Entrejambe : 76 cm (pour la taille 26)<\/li>\n<li>La longueur de l&#8217;entrejambe s&#8217;ajuste l\u00e9g\u00e8rement en fonction de la taille choisie afin d&#8217;assurer une coupe proportionn\u00e9e.<\/li>\n<\/ul>\n","protected":false},"excerpt":{"rendered":"<p>Jean taille haute et coupe large en denim de coton blanc. Choisissez une taille en dessous pour une coupe plus ajust\u00e9e et une taille plus haute. Pour une longueur d&#8217;entrejambe plus courte, optez pour le Denim N. 61. Coupe classique : tombe naturellement sur les hanches, ni trop serr\u00e9 ni trop ample. Taille haute, jambes [&hellip;]<\/p>\n","protected":false},"featured_media":4118365,"comment_status":"open","ping_status":"closed","template":"","meta":[],"product_brand":[2529],"product_cat":[],"product_tag":[],"acf":[],"_links":{"self":[{"href":"https:\/\/streetmarkets.fr\/app\/wp-json\/wp\/v2\/product\/4053478"}],"collection":[{"href":"https:\/\/streetmarkets.fr\/app\/wp-json\/wp\/v2\/product"}],"about":[{"href":"https:\/\/streetmarkets.fr\/app\/wp-json\/wp\/v2\/types\/product"}],"replies":[{"embeddable":true,"href":"https:\/\/streetmarkets.fr\/app\/wp-json\/wp\/v2\/comments?post=4053478"}],"wp:featuredmedia":[{"embeddable":true,"href":"https:\/\/streetmarkets.fr\/app\/wp-json\/wp\/v2\/media\/4118365"}],"wp:attachment":[{"href":"https:\/\/streetmarkets.fr\/app\/wp-json\/wp\/v2\/media?parent=4053478"}],"wp:term":[{"taxonomy":"product_brand","embeddable":true,"href":"https:\/\/streetmarkets.fr\/app\/wp-json\/wp\/v2\/product_brand?post=4053478"},{"taxonomy":"product_cat","embeddable":true,"href":"https:\/\/streetmarkets.fr\/app\/wp-json\/wp\/v2\/product_cat?post=4053478"},{"taxonomy":"product_tag","embeddable":true,"href":"https:\/\/streetmarkets.fr\/app\/wp-json\/wp\/v2\/product_tag?post=4053478"}],"curies":[{"name":"wp","href":"https:\/\/api.w.org\/{rel}","templated":true}]}}