{"id":4053464,"date":"2026-04-30T02:38:10","date_gmt":"2026-04-30T00:38:10","guid":{"rendered":"https:\/\/streetmarkets.fr\/app\/produit\/blouse-a-manches-courtes-pear-261-w-stripe-a-2\/"},"modified":"2026-05-10T02:55:25","modified_gmt":"2026-05-10T00:55:25","slug":"blouse-a-manches-courtes-pear-261-w-stripe-a-2","status":"publish","type":"product","link":"https:\/\/streetmarkets.fr\/app\/produit\/blouse-a-manches-courtes-pear-261-w-stripe-a-2\/","title":{"rendered":"Blouse \u00e0 manches courtes Pear (261 \/ W \/ STRIPE A)"},"content":{"rendered":"<p>Blouse \u00e9crue \u00e0 fines rayures, avec coutures fronc\u00e9es aux \u00e9paules et col semi-ouvert, confectionn\u00e9e dans un m\u00e9lange de coton doux. <\/p>\n<ul>\n<li>Blouse classique<\/li>\n<li>Coupe classique<\/li>\n<li>Manches courtes<\/li>\n<li>Col semi-ouvert<\/li>\n<li>Fentes lat\u00e9rales<\/li>\n<li>Ensemble assorti avec le pantalon fusel\u00e9 Jilo<\/li>\n<\/ul>\n","protected":false},"excerpt":{"rendered":"<p>Blouse \u00e9crue \u00e0 fines rayures, avec coutures fronc\u00e9es aux \u00e9paules et col semi-ouvert, confectionn\u00e9e dans un m\u00e9lange de coton doux. Blouse classique Coupe classique Manches courtes Col semi-ouvert Fentes lat\u00e9rales Ensemble assorti avec le pantalon fusel\u00e9 Jilo<\/p>\n","protected":false},"featured_media":4112588,"comment_status":"open","ping_status":"closed","template":"","meta":[],"product_brand":[2529],"product_cat":[],"product_tag":[],"acf":[],"_links":{"self":[{"href":"https:\/\/streetmarkets.fr\/app\/wp-json\/wp\/v2\/product\/4053464"}],"collection":[{"href":"https:\/\/streetmarkets.fr\/app\/wp-json\/wp\/v2\/product"}],"about":[{"href":"https:\/\/streetmarkets.fr\/app\/wp-json\/wp\/v2\/types\/product"}],"replies":[{"embeddable":true,"href":"https:\/\/streetmarkets.fr\/app\/wp-json\/wp\/v2\/comments?post=4053464"}],"wp:featuredmedia":[{"embeddable":true,"href":"https:\/\/streetmarkets.fr\/app\/wp-json\/wp\/v2\/media\/4112588"}],"wp:attachment":[{"href":"https:\/\/streetmarkets.fr\/app\/wp-json\/wp\/v2\/media?parent=4053464"}],"wp:term":[{"taxonomy":"product_brand","embeddable":true,"href":"https:\/\/streetmarkets.fr\/app\/wp-json\/wp\/v2\/product_brand?post=4053464"},{"taxonomy":"product_cat","embeddable":true,"href":"https:\/\/streetmarkets.fr\/app\/wp-json\/wp\/v2\/product_cat?post=4053464"},{"taxonomy":"product_tag","embeddable":true,"href":"https:\/\/streetmarkets.fr\/app\/wp-json\/wp\/v2\/product_tag?post=4053464"}],"curies":[{"name":"wp","href":"https:\/\/api.w.org\/{rel}","templated":true}]}}