{"id":4053451,"date":"2026-04-30T02:38:09","date_gmt":"2026-04-30T00:38:09","guid":{"rendered":"https:\/\/streetmarkets.fr\/app\/produit\/debardeur-slim-fikas-261-w-paille\/"},"modified":"2026-05-07T02:42:11","modified_gmt":"2026-05-07T00:42:11","slug":"debardeur-slim-fikas-261-w-paille","status":"publish","type":"product","link":"https:\/\/streetmarkets.fr\/app\/produit\/debardeur-slim-fikas-261-w-paille\/","title":{"rendered":"D\u00e9bardeur slim Fikas (261 \/ W \/ PAILLE)"},"content":{"rendered":"<p>D\u00e9bardeur slim fit en jersey de coton c\u00f4tel\u00e9 jaune beurre, avec broderie \u00ab bb \u00bb sur le devant.<\/p>\n<ul>\n<li>Coupe ajust\u00e9e<\/li>\n<li>Col rond<\/li>\n<li>Dos nageur<\/li>\n<li>Broderie \u00ab bb \u00bb sur le devant<\/li>\n<li>Jersey c\u00f4tel\u00e9 de poids moyen, 185 g\/m\u00b2<\/li>\n<\/ul>\n","protected":false},"excerpt":{"rendered":"<p>D\u00e9bardeur slim fit en jersey de coton c\u00f4tel\u00e9 jaune beurre, avec broderie \u00ab bb \u00bb sur le devant. Coupe ajust\u00e9e Col rond Dos nageur Broderie \u00ab bb \u00bb sur le devant Jersey c\u00f4tel\u00e9 de poids moyen, 185 g\/m\u00b2<\/p>\n","protected":false},"featured_media":4096177,"comment_status":"open","ping_status":"closed","template":"","meta":[],"product_brand":[2529],"product_cat":[],"product_tag":[],"acf":[],"_links":{"self":[{"href":"https:\/\/streetmarkets.fr\/app\/wp-json\/wp\/v2\/product\/4053451"}],"collection":[{"href":"https:\/\/streetmarkets.fr\/app\/wp-json\/wp\/v2\/product"}],"about":[{"href":"https:\/\/streetmarkets.fr\/app\/wp-json\/wp\/v2\/types\/product"}],"replies":[{"embeddable":true,"href":"https:\/\/streetmarkets.fr\/app\/wp-json\/wp\/v2\/comments?post=4053451"}],"wp:featuredmedia":[{"embeddable":true,"href":"https:\/\/streetmarkets.fr\/app\/wp-json\/wp\/v2\/media\/4096177"}],"wp:attachment":[{"href":"https:\/\/streetmarkets.fr\/app\/wp-json\/wp\/v2\/media?parent=4053451"}],"wp:term":[{"taxonomy":"product_brand","embeddable":true,"href":"https:\/\/streetmarkets.fr\/app\/wp-json\/wp\/v2\/product_brand?post=4053451"},{"taxonomy":"product_cat","embeddable":true,"href":"https:\/\/streetmarkets.fr\/app\/wp-json\/wp\/v2\/product_cat?post=4053451"},{"taxonomy":"product_tag","embeddable":true,"href":"https:\/\/streetmarkets.fr\/app\/wp-json\/wp\/v2\/product_tag?post=4053451"}],"curies":[{"name":"wp","href":"https:\/\/api.w.org\/{rel}","templated":true}]}}