{"id":4052827,"date":"2026-04-30T02:36:54","date_gmt":"2026-04-30T00:36:54","guid":{"rendered":"https:\/\/streetmarkets.fr\/app\/produit\/boucles-doreilles-asyalia-asymmetric-261-w-multicolor\/"},"modified":"2026-05-12T02:40:55","modified_gmt":"2026-05-12T00:40:55","slug":"boucles-doreilles-asyalia-asymmetric-261-w-multicolor","status":"publish","type":"product","link":"https:\/\/streetmarkets.fr\/app\/produit\/boucles-doreilles-asyalia-asymmetric-261-w-multicolor\/","title":{"rendered":"Boucles d&#8217;oreilles Asyalia Asymmetric (261 \/ W \/ MULTICOLOR)"},"content":{"rendered":"<p>Les boucles d&#8217;oreilles asym\u00e9triques Asyalia de Le Fourbi de Capucine pr\u00e9sentent un design unique avec un m\u00e9lange de pierres naturelles et de perles de verre sur des crochets en laiton plaqu\u00e9 or.<\/p>\n<ul>\n<li>Boucles d&#8217;oreilles vendues par paire<\/li>\n<li>Pour oreilles perc\u00e9es<\/li>\n<li>Longueur\u00a0: 8 cm &amp; 2 cm<\/li>\n<li>Style\u00a0: Asyalia Asym<\/li>\n<\/ul>\n","protected":false},"excerpt":{"rendered":"<p>Les boucles d&#8217;oreilles asym\u00e9triques Asyalia de Le Fourbi de Capucine pr\u00e9sentent un design unique avec un m\u00e9lange de pierres naturelles et de perles de verre sur des crochets en laiton plaqu\u00e9 or. Boucles d&#8217;oreilles vendues par paire Pour oreilles perc\u00e9es Longueur\u00a0: 8 cm &amp; 2 cm Style\u00a0: Asyalia Asym<\/p>\n","protected":false},"featured_media":4123128,"comment_status":"open","ping_status":"closed","template":"","meta":[],"product_brand":[],"product_cat":[],"product_tag":[],"acf":[],"_links":{"self":[{"href":"https:\/\/streetmarkets.fr\/app\/wp-json\/wp\/v2\/product\/4052827"}],"collection":[{"href":"https:\/\/streetmarkets.fr\/app\/wp-json\/wp\/v2\/product"}],"about":[{"href":"https:\/\/streetmarkets.fr\/app\/wp-json\/wp\/v2\/types\/product"}],"replies":[{"embeddable":true,"href":"https:\/\/streetmarkets.fr\/app\/wp-json\/wp\/v2\/comments?post=4052827"}],"wp:featuredmedia":[{"embeddable":true,"href":"https:\/\/streetmarkets.fr\/app\/wp-json\/wp\/v2\/media\/4123128"}],"wp:attachment":[{"href":"https:\/\/streetmarkets.fr\/app\/wp-json\/wp\/v2\/media?parent=4052827"}],"wp:term":[{"taxonomy":"product_brand","embeddable":true,"href":"https:\/\/streetmarkets.fr\/app\/wp-json\/wp\/v2\/product_brand?post=4052827"},{"taxonomy":"product_cat","embeddable":true,"href":"https:\/\/streetmarkets.fr\/app\/wp-json\/wp\/v2\/product_cat?post=4052827"},{"taxonomy":"product_tag","embeddable":true,"href":"https:\/\/streetmarkets.fr\/app\/wp-json\/wp\/v2\/product_tag?post=4052827"}],"curies":[{"name":"wp","href":"https:\/\/api.w.org\/{rel}","templated":true}]}}