{"id":4052811,"date":"2026-04-30T02:36:53","date_gmt":"2026-04-30T00:36:53","guid":{"rendered":"https:\/\/streetmarkets.fr\/app\/produit\/polo-zippe-silas-261-m-navy\/"},"modified":"2026-05-10T02:53:31","modified_gmt":"2026-05-10T00:53:31","slug":"polo-zippe-silas-261-m-navy","status":"publish","type":"product","link":"https:\/\/streetmarkets.fr\/app\/produit\/polo-zippe-silas-261-m-navy\/","title":{"rendered":"Polo zipp\u00e9 Silas (261 \/ M \/ NAVY)"},"content":{"rendered":"<p>Polo classique en coton double face bleu marine, \u00e0 manches courtes et col montant c\u00f4tel\u00e9 avec fermeture zipp\u00e9e.<\/p>\n<ul>\n<li>Polo classique<\/li>\n<li>100% coton<\/li>\n<li>Coupe classique<\/li>\n<li>Col relev\u00e9 en c\u00f4tes<\/li>\n<li>Demi-zip<\/li>\n<\/ul>\n","protected":false},"excerpt":{"rendered":"<p>Polo classique en coton double face bleu marine, \u00e0 manches courtes et col montant c\u00f4tel\u00e9 avec fermeture zipp\u00e9e. Polo classique 100% coton Coupe classique Col relev\u00e9 en c\u00f4tes Demi-zip<\/p>\n","protected":false},"featured_media":4112238,"comment_status":"open","ping_status":"closed","template":"","meta":[],"product_brand":[2529],"product_cat":[],"product_tag":[],"acf":[],"_links":{"self":[{"href":"https:\/\/streetmarkets.fr\/app\/wp-json\/wp\/v2\/product\/4052811"}],"collection":[{"href":"https:\/\/streetmarkets.fr\/app\/wp-json\/wp\/v2\/product"}],"about":[{"href":"https:\/\/streetmarkets.fr\/app\/wp-json\/wp\/v2\/types\/product"}],"replies":[{"embeddable":true,"href":"https:\/\/streetmarkets.fr\/app\/wp-json\/wp\/v2\/comments?post=4052811"}],"wp:featuredmedia":[{"embeddable":true,"href":"https:\/\/streetmarkets.fr\/app\/wp-json\/wp\/v2\/media\/4112238"}],"wp:attachment":[{"href":"https:\/\/streetmarkets.fr\/app\/wp-json\/wp\/v2\/media?parent=4052811"}],"wp:term":[{"taxonomy":"product_brand","embeddable":true,"href":"https:\/\/streetmarkets.fr\/app\/wp-json\/wp\/v2\/product_brand?post=4052811"},{"taxonomy":"product_cat","embeddable":true,"href":"https:\/\/streetmarkets.fr\/app\/wp-json\/wp\/v2\/product_cat?post=4052811"},{"taxonomy":"product_tag","embeddable":true,"href":"https:\/\/streetmarkets.fr\/app\/wp-json\/wp\/v2\/product_tag?post=4052811"}],"curies":[{"name":"wp","href":"https:\/\/api.w.org\/{rel}","templated":true}]}}