{"id":4052663,"date":"2026-04-30T02:36:40","date_gmt":"2026-04-30T00:36:40","guid":{"rendered":"https:\/\/streetmarkets.fr\/app\/produit\/gilet-retro-pile-fleece-pour-homme-261-m-blue\/"},"modified":"2026-05-13T02:40:42","modified_gmt":"2026-05-13T00:40:42","slug":"gilet-retro-pile-fleece-pour-homme-261-m-blue","status":"publish","type":"product","link":"https:\/\/streetmarkets.fr\/app\/produit\/gilet-retro-pile-fleece-pour-homme-261-m-blue\/","title":{"rendered":"Gilet Retro Pile Fleece pour Homme (261 \/ M \/ BLUE)"},"content":{"rendered":"<p>Le gilet Retro Pile pour homme de Patagonia est un mod\u00e8le en polaire chaud et agr\u00e9able \u00e0 porter, enti\u00e8rement zipp\u00e9, fabriqu\u00e9 en imitation mouton double face en polyester recycl\u00e9.<\/p>\n<ul>\n<li>Coupe standard<\/li>\n<li>Col montant<\/li>\n<li>Fermeture zipp\u00e9e int\u00e9grale<\/li>\n<li>D\u00e9tails des poches<\/li>\n<li>Mod\u00e8le\u00a0: 22821 BLSG<\/li>\n<li>Couleur\u00a0: Bleu sauge<\/li>\n<\/ul>\n","protected":false},"excerpt":{"rendered":"<p>Le gilet Retro Pile pour homme de Patagonia est un mod\u00e8le en polaire chaud et agr\u00e9able \u00e0 porter, enti\u00e8rement zipp\u00e9, fabriqu\u00e9 en imitation mouton double face en polyester recycl\u00e9. Coupe standard Col montant Fermeture zipp\u00e9e int\u00e9grale D\u00e9tails des poches Mod\u00e8le\u00a0: 22821 BLSG Couleur\u00a0: Bleu sauge<\/p>\n","protected":false},"featured_media":4129391,"comment_status":"open","ping_status":"closed","template":"","meta":[],"product_brand":[7133],"product_cat":[],"product_tag":[],"acf":[],"_links":{"self":[{"href":"https:\/\/streetmarkets.fr\/app\/wp-json\/wp\/v2\/product\/4052663"}],"collection":[{"href":"https:\/\/streetmarkets.fr\/app\/wp-json\/wp\/v2\/product"}],"about":[{"href":"https:\/\/streetmarkets.fr\/app\/wp-json\/wp\/v2\/types\/product"}],"replies":[{"embeddable":true,"href":"https:\/\/streetmarkets.fr\/app\/wp-json\/wp\/v2\/comments?post=4052663"}],"wp:featuredmedia":[{"embeddable":true,"href":"https:\/\/streetmarkets.fr\/app\/wp-json\/wp\/v2\/media\/4129391"}],"wp:attachment":[{"href":"https:\/\/streetmarkets.fr\/app\/wp-json\/wp\/v2\/media?parent=4052663"}],"wp:term":[{"taxonomy":"product_brand","embeddable":true,"href":"https:\/\/streetmarkets.fr\/app\/wp-json\/wp\/v2\/product_brand?post=4052663"},{"taxonomy":"product_cat","embeddable":true,"href":"https:\/\/streetmarkets.fr\/app\/wp-json\/wp\/v2\/product_cat?post=4052663"},{"taxonomy":"product_tag","embeddable":true,"href":"https:\/\/streetmarkets.fr\/app\/wp-json\/wp\/v2\/product_tag?post=4052663"}],"curies":[{"name":"wp","href":"https:\/\/api.w.org\/{rel}","templated":true}]}}