{"id":4051951,"date":"2026-04-30T02:35:13","date_gmt":"2026-04-30T00:35:13","guid":{"rendered":"https:\/\/streetmarkets.fr\/app\/produit\/pantalon-fusele-jilo-261-w-stripe-b\/"},"modified":"2026-05-14T02:40:12","modified_gmt":"2026-05-14T00:40:12","slug":"pantalon-fusele-jilo-261-w-stripe-b","status":"publish","type":"product","link":"https:\/\/streetmarkets.fr\/app\/produit\/pantalon-fusele-jilo-261-w-stripe-b\/","title":{"rendered":"Pantalon fusel\u00e9 Jilo (261 \/ W \/ STRIPE B)"},"content":{"rendered":"<p>Pantalon fusel\u00e9 \u00e0 rayures taupe, taille \u00e9lastiqu\u00e9e et poches sur les coutures lat\u00e9rales.<\/p>\n<ul>\n<li>Coupe d\u00e9contract\u00e9e<\/li>\n<li>Silhouette fusel\u00e9e large<\/li>\n<li>Taille enti\u00e8rement \u00e9lastiqu\u00e9e<\/li>\n<li>Poches sur les coutures lat\u00e9rales<\/li>\n<li>Poches passepoil\u00e9es \u00e0 l&#8217;arri\u00e8re<\/li>\n<li>Motif ray\u00e9 vertical<\/li>\n<li>Entrejambe : 32&#8243; (bas\u00e9 sur une taille 36)<\/li>\n<li>La longueur de l&#8217;entrejambe s&#8217;ajuste l\u00e9g\u00e8rement en fonction de la taille choisie afin d&#8217;assurer une coupe proportionn\u00e9e.<\/li>\n<li>Ensemble assorti avec la blouse \u00e0 rayures Pear<\/li>\n<\/ul>\n","protected":false},"excerpt":{"rendered":"<p>Pantalon fusel\u00e9 \u00e0 rayures taupe, taille \u00e9lastiqu\u00e9e et poches sur les coutures lat\u00e9rales. Coupe d\u00e9contract\u00e9e Silhouette fusel\u00e9e large Taille enti\u00e8rement \u00e9lastiqu\u00e9e Poches sur les coutures lat\u00e9rales Poches passepoil\u00e9es \u00e0 l&#8217;arri\u00e8re Motif ray\u00e9 vertical Entrejambe : 32&#8243; (bas\u00e9 sur une taille 36) La longueur de l&#8217;entrejambe s&#8217;ajuste l\u00e9g\u00e8rement en fonction de la taille choisie afin d&#8217;assurer [&hellip;]<\/p>\n","protected":false},"featured_media":4134087,"comment_status":"open","ping_status":"closed","template":"","meta":[],"product_brand":[2529],"product_cat":[],"product_tag":[],"acf":[],"_links":{"self":[{"href":"https:\/\/streetmarkets.fr\/app\/wp-json\/wp\/v2\/product\/4051951"}],"collection":[{"href":"https:\/\/streetmarkets.fr\/app\/wp-json\/wp\/v2\/product"}],"about":[{"href":"https:\/\/streetmarkets.fr\/app\/wp-json\/wp\/v2\/types\/product"}],"replies":[{"embeddable":true,"href":"https:\/\/streetmarkets.fr\/app\/wp-json\/wp\/v2\/comments?post=4051951"}],"wp:featuredmedia":[{"embeddable":true,"href":"https:\/\/streetmarkets.fr\/app\/wp-json\/wp\/v2\/media\/4134087"}],"wp:attachment":[{"href":"https:\/\/streetmarkets.fr\/app\/wp-json\/wp\/v2\/media?parent=4051951"}],"wp:term":[{"taxonomy":"product_brand","embeddable":true,"href":"https:\/\/streetmarkets.fr\/app\/wp-json\/wp\/v2\/product_brand?post=4051951"},{"taxonomy":"product_cat","embeddable":true,"href":"https:\/\/streetmarkets.fr\/app\/wp-json\/wp\/v2\/product_cat?post=4051951"},{"taxonomy":"product_tag","embeddable":true,"href":"https:\/\/streetmarkets.fr\/app\/wp-json\/wp\/v2\/product_tag?post=4051951"}],"curies":[{"name":"wp","href":"https:\/\/api.w.org\/{rel}","templated":true}]}}