{"id":4051813,"date":"2026-04-30T02:34:48","date_gmt":"2026-04-30T00:34:48","guid":{"rendered":"https:\/\/streetmarkets.fr\/app\/produit\/pull-col-v-dadif-261-w-babe\/"},"modified":"2026-05-03T02:38:05","modified_gmt":"2026-05-03T00:38:05","slug":"pull-col-v-dadif-261-w-babe","status":"publish","type":"product","link":"https:\/\/streetmarkets.fr\/app\/produit\/pull-col-v-dadif-261-w-babe\/","title":{"rendered":"Pull col V Dadif (261 \/ W \/ BABE)"},"content":{"rendered":"<p>Pull d\u00e9contract\u00e9 \u00e0 col en V dans un m\u00e9lange de coton et de lin, couleur rose p\u00e2le.<\/p>\n<ul>\n<li>Coupe d\u00e9contract\u00e9e<\/li>\n<li>Col en V<\/li>\n<li>\u00c9paules tombantes<\/li>\n<li>Manches courtes<\/li>\n<li>Ourlet et poignets \u00e9lastiqu\u00e9s<\/li>\n<li>C\u0153ur brod\u00e9 rouge sur l&#8217;ourlet<\/li>\n<li>Jauge fine<\/li>\n<\/ul>\n","protected":false},"excerpt":{"rendered":"<p>Pull d\u00e9contract\u00e9 \u00e0 col en V dans un m\u00e9lange de coton et de lin, couleur rose p\u00e2le. Coupe d\u00e9contract\u00e9e Col en V \u00c9paules tombantes Manches courtes Ourlet et poignets \u00e9lastiqu\u00e9s C\u0153ur brod\u00e9 rouge sur l&#8217;ourlet Jauge fine<\/p>\n","protected":false},"featured_media":4071417,"comment_status":"open","ping_status":"closed","template":"","meta":[],"product_brand":[2529],"product_cat":[],"product_tag":[],"acf":[],"_links":{"self":[{"href":"https:\/\/streetmarkets.fr\/app\/wp-json\/wp\/v2\/product\/4051813"}],"collection":[{"href":"https:\/\/streetmarkets.fr\/app\/wp-json\/wp\/v2\/product"}],"about":[{"href":"https:\/\/streetmarkets.fr\/app\/wp-json\/wp\/v2\/types\/product"}],"replies":[{"embeddable":true,"href":"https:\/\/streetmarkets.fr\/app\/wp-json\/wp\/v2\/comments?post=4051813"}],"wp:featuredmedia":[{"embeddable":true,"href":"https:\/\/streetmarkets.fr\/app\/wp-json\/wp\/v2\/media\/4071417"}],"wp:attachment":[{"href":"https:\/\/streetmarkets.fr\/app\/wp-json\/wp\/v2\/media?parent=4051813"}],"wp:term":[{"taxonomy":"product_brand","embeddable":true,"href":"https:\/\/streetmarkets.fr\/app\/wp-json\/wp\/v2\/product_brand?post=4051813"},{"taxonomy":"product_cat","embeddable":true,"href":"https:\/\/streetmarkets.fr\/app\/wp-json\/wp\/v2\/product_cat?post=4051813"},{"taxonomy":"product_tag","embeddable":true,"href":"https:\/\/streetmarkets.fr\/app\/wp-json\/wp\/v2\/product_tag?post=4051813"}],"curies":[{"name":"wp","href":"https:\/\/api.w.org\/{rel}","templated":true}]}}