{"id":4051182,"date":"2026-04-30T02:32:52","date_gmt":"2026-04-30T00:32:52","guid":{"rendered":"https:\/\/streetmarkets.fr\/app\/produit\/arizona-en-daim-pour-homme-261-m-light-khaki\/"},"modified":"2026-05-12T02:36:41","modified_gmt":"2026-05-12T00:36:41","slug":"arizona-en-daim-pour-homme-261-m-light-khaki","status":"publish","type":"product","link":"https:\/\/streetmarkets.fr\/app\/produit\/arizona-en-daim-pour-homme-261-m-light-khaki\/","title":{"rendered":"Arizona en Daim pour Homme (261 \/ M \/ LIGHT KHAKI)"},"content":{"rendered":"<p>Les sandales Birkenstock Arizona Suede sont dot\u00e9es d&#8217;une tige en daim souple avec des boucles \u00e0 ardillon en m\u00e9tal r\u00e9glables, d&#8217;une semelle int\u00e9rieure en daim hypoallerg\u00e9nique, d&#8217;un lit de pied en li\u00e8ge et d&#8217;une semelle ext\u00e9rieure en caoutchouc EVA.<\/p>\n<ul>\n<li>Chaussant \u00e9troit<\/li>\n<li>Mod\u00e8le\u00a0: 1032061<\/li>\n<li>Couleur\u00a0: Kaki d\u00e9lav\u00e9<\/li>\n<\/ul>\n","protected":false},"excerpt":{"rendered":"<p>Les sandales Birkenstock Arizona Suede sont dot\u00e9es d&#8217;une tige en daim souple avec des boucles \u00e0 ardillon en m\u00e9tal r\u00e9glables, d&#8217;une semelle int\u00e9rieure en daim hypoallerg\u00e9nique, d&#8217;un lit de pied en li\u00e8ge et d&#8217;une semelle ext\u00e9rieure en caoutchouc EVA. Chaussant \u00e9troit Mod\u00e8le\u00a0: 1032061 Couleur\u00a0: Kaki d\u00e9lav\u00e9<\/p>\n","protected":false},"featured_media":4122065,"comment_status":"open","ping_status":"closed","template":"","meta":[],"product_brand":[],"product_cat":[],"product_tag":[],"acf":[],"_links":{"self":[{"href":"https:\/\/streetmarkets.fr\/app\/wp-json\/wp\/v2\/product\/4051182"}],"collection":[{"href":"https:\/\/streetmarkets.fr\/app\/wp-json\/wp\/v2\/product"}],"about":[{"href":"https:\/\/streetmarkets.fr\/app\/wp-json\/wp\/v2\/types\/product"}],"replies":[{"embeddable":true,"href":"https:\/\/streetmarkets.fr\/app\/wp-json\/wp\/v2\/comments?post=4051182"}],"wp:featuredmedia":[{"embeddable":true,"href":"https:\/\/streetmarkets.fr\/app\/wp-json\/wp\/v2\/media\/4122065"}],"wp:attachment":[{"href":"https:\/\/streetmarkets.fr\/app\/wp-json\/wp\/v2\/media?parent=4051182"}],"wp:term":[{"taxonomy":"product_brand","embeddable":true,"href":"https:\/\/streetmarkets.fr\/app\/wp-json\/wp\/v2\/product_brand?post=4051182"},{"taxonomy":"product_cat","embeddable":true,"href":"https:\/\/streetmarkets.fr\/app\/wp-json\/wp\/v2\/product_cat?post=4051182"},{"taxonomy":"product_tag","embeddable":true,"href":"https:\/\/streetmarkets.fr\/app\/wp-json\/wp\/v2\/product_tag?post=4051182"}],"curies":[{"name":"wp","href":"https:\/\/api.w.org\/{rel}","templated":true}]}}