{"id":4051095,"date":"2026-04-30T02:32:34","date_gmt":"2026-04-30T00:32:34","guid":{"rendered":"https:\/\/streetmarkets.fr\/app\/produit\/chemise-en-popeline-a-rayures-flippy-261-m-stripe-b\/"},"modified":"2026-05-14T02:36:40","modified_gmt":"2026-05-14T00:36:40","slug":"chemise-en-popeline-a-rayures-flippy-261-m-stripe-b","status":"publish","type":"product","link":"https:\/\/streetmarkets.fr\/app\/produit\/chemise-en-popeline-a-rayures-flippy-261-m-stripe-b\/","title":{"rendered":"Chemise en popeline \u00e0 rayures Flippy (261 \/ M \/ STRIPE B)"},"content":{"rendered":"<p>Chemise d\u00e9contract\u00e9e en popeline de coton ray\u00e9e bleu clair avec des fines rayures blanches.<\/p>\n<ul>\n<li>Coupe d\u00e9contract\u00e9e<\/li>\n<li>Manches longues<\/li>\n<li>Fermeture boutonn\u00e9e<\/li>\n<li>Col classique<\/li>\n<li>Poignets ajust\u00e9s<\/li>\n<li>Ourlet droit<\/li>\n<li>Popeline de coton ray\u00e9e<\/li>\n<\/ul>\n","protected":false},"excerpt":{"rendered":"<p>Chemise d\u00e9contract\u00e9e en popeline de coton ray\u00e9e bleu clair avec des fines rayures blanches. Coupe d\u00e9contract\u00e9e Manches longues Fermeture boutonn\u00e9e Col classique Poignets ajust\u00e9s Ourlet droit Popeline de coton ray\u00e9e<\/p>\n","protected":false},"featured_media":4133446,"comment_status":"open","ping_status":"closed","template":"","meta":[],"product_brand":[2529],"product_cat":[],"product_tag":[],"acf":[],"_links":{"self":[{"href":"https:\/\/streetmarkets.fr\/app\/wp-json\/wp\/v2\/product\/4051095"}],"collection":[{"href":"https:\/\/streetmarkets.fr\/app\/wp-json\/wp\/v2\/product"}],"about":[{"href":"https:\/\/streetmarkets.fr\/app\/wp-json\/wp\/v2\/types\/product"}],"replies":[{"embeddable":true,"href":"https:\/\/streetmarkets.fr\/app\/wp-json\/wp\/v2\/comments?post=4051095"}],"wp:featuredmedia":[{"embeddable":true,"href":"https:\/\/streetmarkets.fr\/app\/wp-json\/wp\/v2\/media\/4133446"}],"wp:attachment":[{"href":"https:\/\/streetmarkets.fr\/app\/wp-json\/wp\/v2\/media?parent=4051095"}],"wp:term":[{"taxonomy":"product_brand","embeddable":true,"href":"https:\/\/streetmarkets.fr\/app\/wp-json\/wp\/v2\/product_brand?post=4051095"},{"taxonomy":"product_cat","embeddable":true,"href":"https:\/\/streetmarkets.fr\/app\/wp-json\/wp\/v2\/product_cat?post=4051095"},{"taxonomy":"product_tag","embeddable":true,"href":"https:\/\/streetmarkets.fr\/app\/wp-json\/wp\/v2\/product_tag?post=4051095"}],"curies":[{"name":"wp","href":"https:\/\/api.w.org\/{rel}","templated":true}]}}