{"id":4050922,"date":"2026-04-30T02:32:21","date_gmt":"2026-04-30T00:32:21","guid":{"rendered":"https:\/\/streetmarkets.fr\/app\/produit\/t-shirt-a-manches-courtes-vouch-261-m-artic\/"},"modified":"2026-05-08T02:45:12","modified_gmt":"2026-05-08T00:45:12","slug":"t-shirt-a-manches-courtes-vouch-261-m-artic","status":"publish","type":"product","link":"https:\/\/streetmarkets.fr\/app\/produit\/t-shirt-a-manches-courtes-vouch-261-m-artic\/","title":{"rendered":"T-shirt \u00e0 manches courtes Vouch (261 \/ M \/ ARTIC)"},"content":{"rendered":"<p>T-shirt d\u00e9contract\u00e9 \u00e0 col rond et manches courtes, confectionn\u00e9 dans un jersey rustique de coton mi-\u00e9pais bleu-gris d\u00e9lav\u00e9.<\/p>\n<ul>\n<li>Coupe d\u00e9contract\u00e9e<\/li>\n<li>Col rond c\u00f4tel\u00e9<\/li>\n<li>Manches courtes<\/li>\n<li>Jersey de coton rustique mi-\u00e9pais, 320 g\/m\u00b2<\/li>\n<\/ul>\n","protected":false},"excerpt":{"rendered":"<p>T-shirt d\u00e9contract\u00e9 \u00e0 col rond et manches courtes, confectionn\u00e9 dans un jersey rustique de coton mi-\u00e9pais bleu-gris d\u00e9lav\u00e9. Coupe d\u00e9contract\u00e9e Col rond c\u00f4tel\u00e9 Manches courtes Jersey de coton rustique mi-\u00e9pais, 320 g\/m\u00b2<\/p>\n","protected":false},"featured_media":4100462,"comment_status":"open","ping_status":"closed","template":"","meta":[],"product_brand":[2529],"product_cat":[],"product_tag":[],"acf":[],"_links":{"self":[{"href":"https:\/\/streetmarkets.fr\/app\/wp-json\/wp\/v2\/product\/4050922"}],"collection":[{"href":"https:\/\/streetmarkets.fr\/app\/wp-json\/wp\/v2\/product"}],"about":[{"href":"https:\/\/streetmarkets.fr\/app\/wp-json\/wp\/v2\/types\/product"}],"replies":[{"embeddable":true,"href":"https:\/\/streetmarkets.fr\/app\/wp-json\/wp\/v2\/comments?post=4050922"}],"wp:featuredmedia":[{"embeddable":true,"href":"https:\/\/streetmarkets.fr\/app\/wp-json\/wp\/v2\/media\/4100462"}],"wp:attachment":[{"href":"https:\/\/streetmarkets.fr\/app\/wp-json\/wp\/v2\/media?parent=4050922"}],"wp:term":[{"taxonomy":"product_brand","embeddable":true,"href":"https:\/\/streetmarkets.fr\/app\/wp-json\/wp\/v2\/product_brand?post=4050922"},{"taxonomy":"product_cat","embeddable":true,"href":"https:\/\/streetmarkets.fr\/app\/wp-json\/wp\/v2\/product_cat?post=4050922"},{"taxonomy":"product_tag","embeddable":true,"href":"https:\/\/streetmarkets.fr\/app\/wp-json\/wp\/v2\/product_tag?post=4050922"}],"curies":[{"name":"wp","href":"https:\/\/api.w.org\/{rel}","templated":true}]}}