{"id":4050835,"date":"2026-04-30T02:32:12","date_gmt":"2026-04-30T00:32:12","guid":{"rendered":"https:\/\/streetmarkets.fr\/app\/produit\/t-shirt-decontracte-video-261-m-dark-navy\/"},"modified":"2026-05-07T02:35:29","modified_gmt":"2026-05-07T00:35:29","slug":"t-shirt-decontracte-video-261-m-dark-navy","status":"publish","type":"product","link":"https:\/\/streetmarkets.fr\/app\/produit\/t-shirt-decontracte-video-261-m-dark-navy\/","title":{"rendered":"T-shirt d\u00e9contract\u00e9 Video (261 \/ M \/ DARK NAVY)"},"content":{"rendered":"<p>T-shirt d\u00e9contract\u00e9 \u00e0 col rond, manches courtes et poche poitrine, confectionn\u00e9 en jersey de coton mi-\u00e9pais bleu marine d\u00e9lav\u00e9.<\/p>\n<ul>\n<li>Coupe d\u00e9contract\u00e9e<\/li>\n<li>Col rond c\u00f4tel\u00e9<\/li>\n<li>Manches courtes<\/li>\n<li>Jersey de coton mi-\u00e9pais, 215 g\/m\u00b2<\/li>\n<li>Poche poitrine<\/li>\n<\/ul>\n","protected":false},"excerpt":{"rendered":"<p>T-shirt d\u00e9contract\u00e9 \u00e0 col rond, manches courtes et poche poitrine, confectionn\u00e9 en jersey de coton mi-\u00e9pais bleu marine d\u00e9lav\u00e9. Coupe d\u00e9contract\u00e9e Col rond c\u00f4tel\u00e9 Manches courtes Jersey de coton mi-\u00e9pais, 215 g\/m\u00b2 Poche poitrine<\/p>\n","protected":false},"featured_media":4094546,"comment_status":"open","ping_status":"closed","template":"","meta":[],"product_brand":[2529],"product_cat":[],"product_tag":[],"acf":[],"_links":{"self":[{"href":"https:\/\/streetmarkets.fr\/app\/wp-json\/wp\/v2\/product\/4050835"}],"collection":[{"href":"https:\/\/streetmarkets.fr\/app\/wp-json\/wp\/v2\/product"}],"about":[{"href":"https:\/\/streetmarkets.fr\/app\/wp-json\/wp\/v2\/types\/product"}],"replies":[{"embeddable":true,"href":"https:\/\/streetmarkets.fr\/app\/wp-json\/wp\/v2\/comments?post=4050835"}],"wp:featuredmedia":[{"embeddable":true,"href":"https:\/\/streetmarkets.fr\/app\/wp-json\/wp\/v2\/media\/4094546"}],"wp:attachment":[{"href":"https:\/\/streetmarkets.fr\/app\/wp-json\/wp\/v2\/media?parent=4050835"}],"wp:term":[{"taxonomy":"product_brand","embeddable":true,"href":"https:\/\/streetmarkets.fr\/app\/wp-json\/wp\/v2\/product_brand?post=4050835"},{"taxonomy":"product_cat","embeddable":true,"href":"https:\/\/streetmarkets.fr\/app\/wp-json\/wp\/v2\/product_cat?post=4050835"},{"taxonomy":"product_tag","embeddable":true,"href":"https:\/\/streetmarkets.fr\/app\/wp-json\/wp\/v2\/product_tag?post=4050835"}],"curies":[{"name":"wp","href":"https:\/\/api.w.org\/{rel}","templated":true}]}}