{"id":4050527,"date":"2026-04-30T02:31:38","date_gmt":"2026-04-30T00:31:38","guid":{"rendered":"https:\/\/streetmarkets.fr\/app\/produit\/parka-a-capuche-hansom-261-m-army\/"},"modified":"2026-05-16T02:36:19","modified_gmt":"2026-05-16T00:36:19","slug":"parka-a-capuche-hansom-261-m-army","status":"publish","type":"product","link":"https:\/\/streetmarkets.fr\/app\/produit\/parka-a-capuche-hansom-261-m-army\/","title":{"rendered":"Parka \u00e0 capuche Hansom (261 \/ M \/ ARMY)"},"content":{"rendered":"<p>Parka classique \u00e0 capuche, \u00e9paules tombantes et poches \u00e0 rabat, confectionn\u00e9e en toile kaki et doubl\u00e9e en maille.<\/p>\n<ul>\n<li>Coupe d\u00e9contract\u00e9e<\/li>\n<li>Capuche<\/li>\n<li>Manches longues<\/li>\n<li>Fermeture \u00e0 glissi\u00e8re et boutons-pression<\/li>\n<li>Tissu d\u00e9perlant et doublure en maille<\/li>\n<li>Poches \u00e0 rabat<\/li>\n<\/ul>\n","protected":false},"excerpt":{"rendered":"<p>Parka classique \u00e0 capuche, \u00e9paules tombantes et poches \u00e0 rabat, confectionn\u00e9e en toile kaki et doubl\u00e9e en maille. Coupe d\u00e9contract\u00e9e Capuche Manches longues Fermeture \u00e0 glissi\u00e8re et boutons-pression Tissu d\u00e9perlant et doublure en maille Poches \u00e0 rabat<\/p>\n","protected":false},"featured_media":4144002,"comment_status":"open","ping_status":"closed","template":"","meta":[],"product_brand":[2529],"product_cat":[],"product_tag":[],"acf":[],"_links":{"self":[{"href":"https:\/\/streetmarkets.fr\/app\/wp-json\/wp\/v2\/product\/4050527"}],"collection":[{"href":"https:\/\/streetmarkets.fr\/app\/wp-json\/wp\/v2\/product"}],"about":[{"href":"https:\/\/streetmarkets.fr\/app\/wp-json\/wp\/v2\/types\/product"}],"replies":[{"embeddable":true,"href":"https:\/\/streetmarkets.fr\/app\/wp-json\/wp\/v2\/comments?post=4050527"}],"wp:featuredmedia":[{"embeddable":true,"href":"https:\/\/streetmarkets.fr\/app\/wp-json\/wp\/v2\/media\/4144002"}],"wp:attachment":[{"href":"https:\/\/streetmarkets.fr\/app\/wp-json\/wp\/v2\/media?parent=4050527"}],"wp:term":[{"taxonomy":"product_brand","embeddable":true,"href":"https:\/\/streetmarkets.fr\/app\/wp-json\/wp\/v2\/product_brand?post=4050527"},{"taxonomy":"product_cat","embeddable":true,"href":"https:\/\/streetmarkets.fr\/app\/wp-json\/wp\/v2\/product_cat?post=4050527"},{"taxonomy":"product_tag","embeddable":true,"href":"https:\/\/streetmarkets.fr\/app\/wp-json\/wp\/v2\/product_tag?post=4050527"}],"curies":[{"name":"wp","href":"https:\/\/api.w.org\/{rel}","templated":true}]}}